{"id":702,"date":"2026-04-08T15:40:48","date_gmt":"2026-04-08T15:40:48","guid":{"rendered":"https:\/\/geminight.azdigi.shop\/?post_type=product&#038;p=702"},"modified":"2026-04-08T15:40:48","modified_gmt":"2026-04-08T15:40:48","slug":"earth","status":"publish","type":"product","link":"https:\/\/geminight.azdigi.shop\/index.php\/product\/earth\/","title":{"rendered":"EARTH"},"content":{"rendered":"<h1 style=\"text-align: center;\"><span style=\"color: #000000;\"><strong>Earth \u2013 H\u00e0nh tr\u00ecnh c\u1ee7a m\u1ed9t ng\u1ecdn n\u1ebfn<\/strong><\/span><\/h1>\n<p style=\"text-align: center;\"><span style=\"font-size: 115%;\">\u201cEarth\u201d kh\u00f4ng ch\u1ec9 l\u00e0 m\u1ed9t c\u00e1i t\u00ean, m\u00e0 c\u00f2n l\u00e0 bi\u1ec3u t\u01b0\u1ee3ng cho s\u1ef1 k\u1ebft n\u1ed1i gi\u1eefa con ng\u01b0\u1eddi v\u00e0 thi\u00ean nhi\u00ean. N\u00f3 g\u1ee3i nh\u1eafc \u0111\u1ebfn s\u1ef1 v\u1eefng ch\u1eafc, s\u1ef1 s\u1ed1ng v\u00e0 n\u0103ng l\u01b0\u1ee3ng b\u1ea5t t\u1eadn m\u00e0 \u0111\u1ea5t m\u1eb9 trao t\u1eb7ng.<\/span><\/p>\n<h2><span style=\"color: #000000;\"><strong><span style=\"font-size: 115%;\">Thi\u1ebft k\u1ebf v\u00e0 c\u1ea3m x\u00fac<\/span><\/strong><\/span><\/h2>\n<ul>\n<li><span style=\"font-size: 115%;\"><span style=\"color: #000000;\"><strong>M\u00e0u s\u1eafc<\/strong>:<\/span> T\u00f4ng kem nh\u1eb9 nh\u00e0ng, tinh t\u1ebf, g\u1ee3i c\u1ea3m gi\u00e1c thu\u1ea7n khi\u1ebft.<\/span><\/li>\n<li><span style=\"font-size: 115%;\"><span style=\"color: #000000;\"><strong>Chi ti\u1ebft<\/strong>:<\/span> \u0110\u01b0\u1eddng vi\u1ec1n trang tr\u00ed tinh x\u1ea3o g\u1ea7n mi\u1ec7ng n\u1ebfn t\u1ea1o \u0111i\u1ec3m nh\u1ea5n sang tr\u1ecdng.<\/span><\/li>\n<li><span style=\"font-size: 115%;\"><span style=\"color: #000000;\"><strong>Ng\u1ecdn l\u1eeda<\/strong>:<\/span> \u00c1nh s\u00e1ng v\u00e0ng \u1ea5m \u00e1p, ch\u00e1y \u0111\u1ec1u, mang l\u1ea1i c\u1ea3m gi\u00e1c b\u00ecnh y\u00ean.<\/span><\/li>\n<\/ul>\n<h2><strong><span style=\"font-size: 115%; color: #000000;\">Tr\u1ea3i nghi\u1ec7m\u00a0<\/span><\/strong><\/h2>\n<p><span style=\"font-size: 115%;\">Earth kh\u00f4ng ch\u1ec9 l\u00e0 m\u1ed9t ng\u1ecdn n\u1ebfn, m\u00e0 c\u00f2n l\u00e0 m\u1ed9t h\u00e0nh tr\u00ecnh c\u1ea3m x\u00fac:<\/span><\/p>\n<ul>\n<li><span style=\"font-size: 115%;\"><span style=\"color: #000000;\"><strong>M\u00f9i h\u01b0\u01a1ng<\/strong><\/span>: Tinh t\u1ebf, g\u1ee3i nh\u1edb \u0111\u1ebfn thi\u00ean nhi\u00ean, \u0111\u1ea5t, gi\u00f3 v\u00e0 s\u1ef1 t\u01b0\u01a1i m\u1edbi.<\/span><\/li>\n<li><span style=\"font-size: 115%;\"><span style=\"color: #000000;\"><strong>C\u1ea3m gi\u00e1c<\/strong><\/span>: Khi th\u1eafp l\u00ean, h\u01b0\u01a1ng th\u01a1m lan t\u1ecfa, \u0111\u01b0a ta v\u1ec1 v\u1edbi s\u1ef1 c\u00e2n b\u1eb1ng n\u1ed9i t\u00e2m.<\/span><\/li>\n<\/ul>\n<h2><span style=\"font-size: 115%;\">\ud83c\udf3f <span style=\"color: #000000;\"><strong>C\u00e1c m\u00f9i h\u01b0\u01a1ng n\u1ebfn Tamburins \u0111\u1eb7c tr\u01b0ng<\/strong><\/span><\/span><\/h2>\n<p><span style=\"font-size: 115%;\">Tamburins n\u1ed5i ti\u1ebfng v\u1edbi nh\u1eefng m\u00f9i h\u01b0\u01a1ng \u0111\u1ed9c \u0111\u00e1o, mang l\u1ea1i tr\u1ea3i nghi\u1ec7m kh\u00e1c bi\u1ec7t:<\/span><\/p>\n<ul>\n<li><span style=\"font-size: 115%;\"><span style=\"color: #000000;\"><strong>Musk<\/strong><\/span>: \u1ea5m \u00e1p, quy\u1ebfn r\u0169<\/span><\/li>\n<li><span style=\"font-size: 115%;\"><span style=\"color: #000000;\"><strong>Citrus<\/strong><\/span>: t\u01b0\u01a1i m\u00e1t, s\u1ea3ng kho\u00e1i<\/span><\/li>\n<li><span style=\"font-size: 115%;\"><span style=\"color: #000000;\"><strong>Woody<\/strong><\/span>: tr\u1ea7m l\u1eafng, sang tr\u1ecdng<\/span><\/li>\n<\/ul>\n<h2><span style=\"color: #000000;\"><strong><span style=\"font-size: 115%;\">Th\u00f4ng \u0111i\u1ec7p th\u01b0\u01a1ng hi\u1ec7u<\/span><\/strong><\/span><\/h2>\n<p><span style=\"font-size: 115%;\">Earth l\u00e0 l\u1eddi nh\u1eafc nh\u1edf r\u1eb1ng:<\/span><\/p>\n<ul>\n<li><span style=\"font-size: 115%;\">Ch\u00fang ta lu\u00f4n thu\u1ed9c v\u1ec1 thi\u00ean nhi\u00ean.<\/span><\/li>\n<li><span style=\"font-size: 115%;\">S\u1ef1 gi\u1ea3n d\u1ecb v\u00e0 tinh t\u1ebf c\u00f3 th\u1ec3 t\u1ea1o n\u00ean tr\u1ea3i nghi\u1ec7m xa hoa.<\/span><\/li>\n<li><span style=\"font-size: 115%;\">M\u1ed9t ng\u1ecdn n\u1ebfn nh\u1ecf b\u00e9 c\u0169ng c\u00f3 th\u1ec3 th\u1eafp s\u00e1ng kh\u00f4ng gian v\u00e0 t\u00e2m h\u1ed3n.<\/span><\/li>\n<\/ul>\n<p style=\"text-align: center;\"><span style=\"font-size: 115%;\"><em><strong><span style=\"color: #000000;\">Earth<\/span> <\/strong><\/em>kh\u00f4ng ch\u1ec9 l\u00e0 m\u1ed9t s\u1ea3n ph\u1ea9m, m\u00e0 l\u00e0 m\u1ed9t tr\u1ea3i nghi\u1ec7m. N\u00f3 mang \u0111\u1ebfn s\u1ef1 k\u1ebft n\u1ed1i, s\u1ef1 b\u00ecnh y\u00ean v\u00e0 m\u1ed9t ch\u00fat xa x\u1ec9 tinh t\u1ebf trong cu\u1ed9c s\u1ed1ng th\u01b0\u1eddng nh\u1eadt.<\/span><\/p>\n<p><span style=\"color: #000000; font-size: 115%;\"><strong>LI\u00caN H\u1ec6 V\u1edaI CH\u00daNG T\u00d4I<\/strong><\/span><\/p>\n<style id=\"wpforms-css-vars-285\">\n\t\t\t\t#wpforms-285 {\n\t\t\t\t--wpforms-container-padding: 0px;\n--wpforms-container-border-width: 1px;\n--wpforms-container-border-radius: 3px;\n--wpforms-background-color: rgba(0, 0, 0, 0);\n--wpforms-field-size-input-height: 43px;\n--wpforms-field-size-input-spacing: 15px;\n--wpforms-field-size-font-size: 16px;\n--wpforms-field-size-line-height: 19px;\n--wpforms-field-size-padding-h: 14px;\n--wpforms-field-size-checkbox-size: 16px;\n--wpforms-field-size-sublabel-spacing: 5px;\n--wpforms-field-size-icon-size: 1;\n--wpforms-label-size-font-size: 16px;\n--wpforms-label-size-line-height: 19px;\n--wpforms-label-size-sublabel-font-size: 14px;\n--wpforms-label-size-sublabel-line-height: 17px;\n--wpforms-button-size-font-size: 17px;\n--wpforms-button-size-height: 41px;\n--wpforms-button-size-padding-h: 15px;\n--wpforms-button-size-margin-top: 10px;\n--wpforms-container-shadow-size-box-shadow: none;\n\t\t\t}\n\t\t\t<\/style><div class=\"wpforms-container wpforms-container-full wpforms-render-modern\" id=\"wpforms-285\"><form id=\"wpforms-form-285\" class=\"wpforms-validate wpforms-form wpforms-ajax-form\" data-formid=\"285\" method=\"post\" enctype=\"multipart\/form-data\" action=\"\/index.php\/wp-json\/wp\/v2\/product\/702\" data-token=\"9719bdd3ed7c4414abdc42d56e61acd1\" data-token-time=\"1777277678\"><noscript class=\"wpforms-error-noscript\">Vui l\u00f2ng b\u1eadt JavaScript trong tr\u00ecnh duy\u1ec7t c\u1ee7a b\u1ea1n \u0111\u1ec3 ho\u00e0n th\u00e0nh Form n\u00e0y.<\/noscript><div id=\"wpforms-error-noscript\" style=\"display: none;\">Vui l\u00f2ng b\u1eadt JavaScript trong tr\u00ecnh duy\u1ec7t c\u1ee7a b\u1ea1n \u0111\u1ec3 ho\u00e0n th\u00e0nh Form n\u00e0y.<\/div><div class=\"wpforms-field-container\">\t\t<div id=\"wpforms-285-field_4-container\"\n\t\t\tclass=\"wpforms-field wpforms-field-text\"\n\t\t\tdata-field-type=\"text\"\n\t\t\tdata-field-id=\"4\"\n\t\t\t>\n\t\t\t<label class=\"wpforms-field-label\" for=\"wpforms-285-field_4\" >or Email Comment<\/label>\n\t\t\t<input type=\"text\" id=\"wpforms-285-field_4\" class=\"wpforms-field-medium\" name=\"wpforms[fields][4]\" >\n\t\t<\/div>\n\t\t<div id=\"wpforms-285-field_1-container\" class=\"wpforms-field wpforms-field-name\" data-field-id=\"1\"><fieldset><legend class=\"wpforms-field-label\">Name <span class=\"wpforms-required-label\" aria-hidden=\"true\">*<\/span><\/legend><div class=\"wpforms-field-row wpforms-field-medium\"><div class=\"wpforms-field-row-block wpforms-first wpforms-one-half\"><input type=\"text\" id=\"wpforms-285-field_1\" class=\"wpforms-field-name-first wpforms-field-required\" name=\"wpforms[fields][1][first]\" aria-errormessage=\"wpforms-285-field_1-error\" required><label for=\"wpforms-285-field_1\" class=\"wpforms-field-sublabel after\">T\u00ean<\/label><\/div><div class=\"wpforms-field-row-block wpforms-one-half\"><input type=\"text\" id=\"wpforms-285-field_1-last\" class=\"wpforms-field-name-last wpforms-field-required\" name=\"wpforms[fields][1][last]\" aria-errormessage=\"wpforms-285-field_1-last-error\" required><label for=\"wpforms-285-field_1-last\" class=\"wpforms-field-sublabel after\">H\u1ecd<\/label><\/div><\/div><\/fieldset><\/div><div id=\"wpforms-285-field_2-container\" class=\"wpforms-field wpforms-field-email\" data-field-id=\"2\"><label class=\"wpforms-field-label\" for=\"wpforms-285-field_2\">Email <span class=\"wpforms-required-label\" aria-hidden=\"true\">*<\/span><\/label><input type=\"email\" id=\"wpforms-285-field_2\" class=\"wpforms-field-medium wpforms-field-required\" name=\"wpforms[fields][2]\" spellcheck=\"false\" aria-errormessage=\"wpforms-285-field_2-error\" required><\/div><div id=\"wpforms-285-field_3-container\" class=\"wpforms-field wpforms-field-textarea\" data-field-id=\"3\"><label class=\"wpforms-field-label\" for=\"wpforms-285-field_3\">Comment or Message<\/label><textarea id=\"wpforms-285-field_3\" class=\"wpforms-field-medium\" name=\"wpforms[fields][3]\" aria-errormessage=\"wpforms-285-field_3-error\" ><\/textarea><\/div><script>\n\t\t\t\t( function() {\n\t\t\t\t\tconst style = document.createElement( 'style' );\n\t\t\t\t\tstyle.appendChild( document.createTextNode( '#wpforms-285-field_4-container { position: absolute !important; overflow: hidden !important; display: inline !important; height: 1px !important; width: 1px !important; z-index: -1000 !important; padding: 0 !important; } #wpforms-285-field_4-container input { visibility: hidden; } #wpforms-conversational-form-page #wpforms-285-field_4-container label { counter-increment: none; }' ) );\n\t\t\t\t\tdocument.head.appendChild( style );\n\t\t\t\t\tdocument.currentScript?.remove();\n\t\t\t\t} )();\n\t\t\t<\/script><\/div><!-- .wpforms-field-container --><div class=\"wpforms-submit-container\" ><input type=\"hidden\" name=\"wpforms[id]\" value=\"285\"><input type=\"hidden\" name=\"page_title\" value=\"\"><input type=\"hidden\" name=\"page_url\" value=\"https:\/\/geminight.azdigi.shop\/index.php\/wp-json\/wp\/v2\/product\/702\"><input type=\"hidden\" name=\"url_referer\" value=\"\"><button type=\"submit\" name=\"wpforms[submit]\" id=\"wpforms-submit-285\" class=\"wpforms-submit\" data-alt-text=\"Sending...\" data-submit-text=\"Submit\" aria-live=\"assertive\" value=\"wpforms-submit\">Submit<\/button><img loading=\"lazy\" decoding=\"async\" src=\"https:\/\/geminight.azdigi.shop\/wp-content\/plugins\/wpforms-lite\/assets\/images\/submit-spin.svg\" class=\"wpforms-submit-spinner\" style=\"display: none;\" width=\"26\" height=\"26\" alt=\"\u0110ang t\u1ea3i\"><\/div><\/form><\/div>  <!-- .wpforms-container -->\n<p><img loading=\"lazy\" decoding=\"async\" class=\"size-medium wp-image-249 aligncenter\" src=\"https:\/\/geminight.azdigi.shop\/wp-content\/uploads\/2026\/03\/new_collection__7_-removebg-preview-300x150.png\" alt=\"\" width=\"300\" height=\"150\" srcset=\"https:\/\/geminight.azdigi.shop\/wp-content\/uploads\/2026\/03\/new_collection__7_-removebg-preview-300x150.png 300w, https:\/\/geminight.azdigi.shop\/wp-content\/uploads\/2026\/03\/new_collection__7_-removebg-preview-600x300.png 600w, https:\/\/geminight.azdigi.shop\/wp-content\/uploads\/2026\/03\/new_collection__7_-removebg-preview.png 707w\" sizes=\"auto, (max-width: 300px) 100vw, 300px\" \/><\/p>\n","protected":false},"excerpt":{"rendered":"<p>Earth \u2013 H\u00e0nh tr\u00ecnh c\u1ee7a m\u1ed9t ng\u1ecdn n\u1ebfn \u201cEarth\u201d kh\u00f4ng ch\u1ec9 l\u00e0 m\u1ed9t c\u00e1i t\u00ean, m\u00e0 c\u00f2n l\u00e0 bi\u1ec3u t\u01b0\u1ee3ng cho s\u1ef1 k\u1ebft n\u1ed1i gi\u1eefa con ng\u01b0\u1eddi v\u00e0 thi\u00ean nhi\u00ean. N\u00f3 g\u1ee3i nh\u1eafc \u0111\u1ebfn s\u1ef1 v\u1eefng ch\u1eafc, s\u1ef1 s\u1ed1ng v\u00e0 n\u0103ng l\u01b0\u1ee3ng b\u1ea5t t\u1eadn m\u00e0 \u0111\u1ea5t m\u1eb9 trao t\u1eb7ng. Thi\u1ebft k\u1ebf v\u00e0 c\u1ea3m x\u00fac M\u00e0u [&#8230;]\n","protected":false},"featured_media":497,"comment_status":"open","ping_status":"closed","template":"","meta":[],"product_brand":[],"product_cat":[72],"product_tag":[],"class_list":{"0":"post-702","1":"product","2":"type-product","3":"status-publish","4":"has-post-thumbnail","6":"product_cat-earth","8":"first","9":"instock","10":"shipping-taxable","11":"purchasable","12":"product-type-variable"},"yoast_head":"<!-- This site is optimized with the Yoast SEO plugin v27.1.1 - https:\/\/yoast.com\/product\/yoast-seo-wordpress\/ -->\n<title>EARTH - GEMINIGHT<\/title>\n<meta name=\"description\" content=\"Earth\u201d kh\u00f4ng ch\u1ec9 l\u00e0 m\u1ed9t c\u00e1i t\u00ean, m\u00e0 c\u00f2n l\u00e0 bi\u1ec3u t\u01b0\u1ee3ng cho s\u1ef1 k\u1ebft n\u1ed1i gi\u1eefa con ng\u01b0\u1eddi v\u00e0 thi\u00ean nhi\u00ean. N\u00f3 g\u1ee3i nh\u1eafc \u0111\u1ebfn s\u1ef1 v\u1eefng ch\u1eafc, s\u1ef1 s\u1ed1ng v\u00e0 n\u0103ng l\u01b0\u1ee3ng\" \/>\n<meta name=\"robots\" content=\"index, follow, max-snippet:-1, max-image-preview:large, max-video-preview:-1\" \/>\n<link rel=\"canonical\" href=\"https:\/\/geminight.azdigi.shop\/index.php\/product\/earth\/\" \/>\n<meta property=\"og:locale\" content=\"vi_VN\" \/>\n<meta property=\"og:type\" content=\"article\" \/>\n<meta property=\"og:title\" content=\"EARTH - GEMINIGHT\" \/>\n<meta property=\"og:description\" content=\"Earth\u201d kh\u00f4ng ch\u1ec9 l\u00e0 m\u1ed9t c\u00e1i t\u00ean, m\u00e0 c\u00f2n l\u00e0 bi\u1ec3u t\u01b0\u1ee3ng cho s\u1ef1 k\u1ebft n\u1ed1i gi\u1eefa con ng\u01b0\u1eddi v\u00e0 thi\u00ean nhi\u00ean. N\u00f3 g\u1ee3i nh\u1eafc \u0111\u1ebfn s\u1ef1 v\u1eefng ch\u1eafc, s\u1ef1 s\u1ed1ng v\u00e0 n\u0103ng l\u01b0\u1ee3ng\" \/>\n<meta property=\"og:url\" content=\"https:\/\/geminight.azdigi.shop\/index.php\/product\/earth\/\" \/>\n<meta property=\"og:site_name\" content=\"GEMINIGHT\" \/>\n<meta property=\"og:image\" content=\"https:\/\/geminight.azdigi.shop\/wp-content\/uploads\/2026\/04\/302c96f4fb8d8ce22f2c1cd0785f738d.jpg\" \/>\n\t<meta property=\"og:image:width\" content=\"990\" \/>\n\t<meta property=\"og:image:height\" content=\"1200\" \/>\n\t<meta property=\"og:image:type\" content=\"image\/jpeg\" \/>\n<meta name=\"twitter:card\" content=\"summary_large_image\" \/>\n<meta name=\"twitter:label1\" content=\"\u01af\u1edbc t\u00ednh th\u1eddi gian \u0111\u1ecdc\" \/>\n\t<meta name=\"twitter:data1\" content=\"2 ph\u00fat\" \/>\n<script type=\"application\/ld+json\" class=\"yoast-schema-graph\">{\"@context\":\"https:\/\/schema.org\",\"@graph\":[{\"@type\":\"WebPage\",\"@id\":\"https:\/\/geminight.azdigi.shop\/index.php\/product\/earth\/\",\"url\":\"https:\/\/geminight.azdigi.shop\/index.php\/product\/earth\/\",\"name\":\"EARTH - GEMINIGHT\",\"isPartOf\":{\"@id\":\"https:\/\/geminight.azdigi.shop\/#website\"},\"primaryImageOfPage\":{\"@id\":\"https:\/\/geminight.azdigi.shop\/index.php\/product\/earth\/#primaryimage\"},\"image\":{\"@id\":\"https:\/\/geminight.azdigi.shop\/index.php\/product\/earth\/#primaryimage\"},\"thumbnailUrl\":\"https:\/\/geminight.azdigi.shop\/wp-content\/uploads\/2026\/04\/302c96f4fb8d8ce22f2c1cd0785f738d.jpg\",\"datePublished\":\"2026-04-08T15:40:48+00:00\",\"description\":\"Earth\u201d kh\u00f4ng ch\u1ec9 l\u00e0 m\u1ed9t c\u00e1i t\u00ean, m\u00e0 c\u00f2n l\u00e0 bi\u1ec3u t\u01b0\u1ee3ng cho s\u1ef1 k\u1ebft n\u1ed1i gi\u1eefa con ng\u01b0\u1eddi v\u00e0 thi\u00ean nhi\u00ean. N\u00f3 g\u1ee3i nh\u1eafc \u0111\u1ebfn s\u1ef1 v\u1eefng ch\u1eafc, s\u1ef1 s\u1ed1ng v\u00e0 n\u0103ng l\u01b0\u1ee3ng\",\"breadcrumb\":{\"@id\":\"https:\/\/geminight.azdigi.shop\/index.php\/product\/earth\/#breadcrumb\"},\"inLanguage\":\"vi\",\"potentialAction\":[{\"@type\":\"ReadAction\",\"target\":[\"https:\/\/geminight.azdigi.shop\/index.php\/product\/earth\/\"]}]},{\"@type\":\"ImageObject\",\"inLanguage\":\"vi\",\"@id\":\"https:\/\/geminight.azdigi.shop\/index.php\/product\/earth\/#primaryimage\",\"url\":\"https:\/\/geminight.azdigi.shop\/wp-content\/uploads\/2026\/04\/302c96f4fb8d8ce22f2c1cd0785f738d.jpg\",\"contentUrl\":\"https:\/\/geminight.azdigi.shop\/wp-content\/uploads\/2026\/04\/302c96f4fb8d8ce22f2c1cd0785f738d.jpg\",\"width\":990,\"height\":1200},{\"@type\":\"BreadcrumbList\",\"@id\":\"https:\/\/geminight.azdigi.shop\/index.php\/product\/earth\/#breadcrumb\",\"itemListElement\":[{\"@type\":\"ListItem\",\"position\":1,\"name\":\"Home\",\"item\":\"https:\/\/geminight.azdigi.shop\/\"},{\"@type\":\"ListItem\",\"position\":2,\"name\":\"Shop\",\"item\":\"https:\/\/geminight.azdigi.shop\/index.php\/shop\/\"},{\"@type\":\"ListItem\",\"position\":3,\"name\":\"EARTH\"}]},{\"@type\":\"WebSite\",\"@id\":\"https:\/\/geminight.azdigi.shop\/#website\",\"url\":\"https:\/\/geminight.azdigi.shop\/\",\"name\":\"GEMINIGHT\",\"description\":\"\",\"potentialAction\":[{\"@type\":\"SearchAction\",\"target\":{\"@type\":\"EntryPoint\",\"urlTemplate\":\"https:\/\/geminight.azdigi.shop\/?s={search_term_string}\"},\"query-input\":{\"@type\":\"PropertyValueSpecification\",\"valueRequired\":true,\"valueName\":\"search_term_string\"}}],\"inLanguage\":\"vi\"}]}<\/script>\n<!-- \/ Yoast SEO plugin. -->","yoast_head_json":{"title":"EARTH - GEMINIGHT","description":"Earth\u201d kh\u00f4ng ch\u1ec9 l\u00e0 m\u1ed9t c\u00e1i t\u00ean, m\u00e0 c\u00f2n l\u00e0 bi\u1ec3u t\u01b0\u1ee3ng cho s\u1ef1 k\u1ebft n\u1ed1i gi\u1eefa con ng\u01b0\u1eddi v\u00e0 thi\u00ean nhi\u00ean. N\u00f3 g\u1ee3i nh\u1eafc \u0111\u1ebfn s\u1ef1 v\u1eefng ch\u1eafc, s\u1ef1 s\u1ed1ng v\u00e0 n\u0103ng l\u01b0\u1ee3ng","robots":{"index":"index","follow":"follow","max-snippet":"max-snippet:-1","max-image-preview":"max-image-preview:large","max-video-preview":"max-video-preview:-1"},"canonical":"https:\/\/geminight.azdigi.shop\/index.php\/product\/earth\/","og_locale":"vi_VN","og_type":"article","og_title":"EARTH - GEMINIGHT","og_description":"Earth\u201d kh\u00f4ng ch\u1ec9 l\u00e0 m\u1ed9t c\u00e1i t\u00ean, m\u00e0 c\u00f2n l\u00e0 bi\u1ec3u t\u01b0\u1ee3ng cho s\u1ef1 k\u1ebft n\u1ed1i gi\u1eefa con ng\u01b0\u1eddi v\u00e0 thi\u00ean nhi\u00ean. N\u00f3 g\u1ee3i nh\u1eafc \u0111\u1ebfn s\u1ef1 v\u1eefng ch\u1eafc, s\u1ef1 s\u1ed1ng v\u00e0 n\u0103ng l\u01b0\u1ee3ng","og_url":"https:\/\/geminight.azdigi.shop\/index.php\/product\/earth\/","og_site_name":"GEMINIGHT","og_image":[{"width":990,"height":1200,"url":"https:\/\/geminight.azdigi.shop\/wp-content\/uploads\/2026\/04\/302c96f4fb8d8ce22f2c1cd0785f738d.jpg","type":"image\/jpeg"}],"twitter_card":"summary_large_image","twitter_misc":{"\u01af\u1edbc t\u00ednh th\u1eddi gian \u0111\u1ecdc":"2 ph\u00fat"},"schema":{"@context":"https:\/\/schema.org","@graph":[{"@type":"WebPage","@id":"https:\/\/geminight.azdigi.shop\/index.php\/product\/earth\/","url":"https:\/\/geminight.azdigi.shop\/index.php\/product\/earth\/","name":"EARTH - GEMINIGHT","isPartOf":{"@id":"https:\/\/geminight.azdigi.shop\/#website"},"primaryImageOfPage":{"@id":"https:\/\/geminight.azdigi.shop\/index.php\/product\/earth\/#primaryimage"},"image":{"@id":"https:\/\/geminight.azdigi.shop\/index.php\/product\/earth\/#primaryimage"},"thumbnailUrl":"https:\/\/geminight.azdigi.shop\/wp-content\/uploads\/2026\/04\/302c96f4fb8d8ce22f2c1cd0785f738d.jpg","datePublished":"2026-04-08T15:40:48+00:00","description":"Earth\u201d kh\u00f4ng ch\u1ec9 l\u00e0 m\u1ed9t c\u00e1i t\u00ean, m\u00e0 c\u00f2n l\u00e0 bi\u1ec3u t\u01b0\u1ee3ng cho s\u1ef1 k\u1ebft n\u1ed1i gi\u1eefa con ng\u01b0\u1eddi v\u00e0 thi\u00ean nhi\u00ean. N\u00f3 g\u1ee3i nh\u1eafc \u0111\u1ebfn s\u1ef1 v\u1eefng ch\u1eafc, s\u1ef1 s\u1ed1ng v\u00e0 n\u0103ng l\u01b0\u1ee3ng","breadcrumb":{"@id":"https:\/\/geminight.azdigi.shop\/index.php\/product\/earth\/#breadcrumb"},"inLanguage":"vi","potentialAction":[{"@type":"ReadAction","target":["https:\/\/geminight.azdigi.shop\/index.php\/product\/earth\/"]}]},{"@type":"ImageObject","inLanguage":"vi","@id":"https:\/\/geminight.azdigi.shop\/index.php\/product\/earth\/#primaryimage","url":"https:\/\/geminight.azdigi.shop\/wp-content\/uploads\/2026\/04\/302c96f4fb8d8ce22f2c1cd0785f738d.jpg","contentUrl":"https:\/\/geminight.azdigi.shop\/wp-content\/uploads\/2026\/04\/302c96f4fb8d8ce22f2c1cd0785f738d.jpg","width":990,"height":1200},{"@type":"BreadcrumbList","@id":"https:\/\/geminight.azdigi.shop\/index.php\/product\/earth\/#breadcrumb","itemListElement":[{"@type":"ListItem","position":1,"name":"Home","item":"https:\/\/geminight.azdigi.shop\/"},{"@type":"ListItem","position":2,"name":"Shop","item":"https:\/\/geminight.azdigi.shop\/index.php\/shop\/"},{"@type":"ListItem","position":3,"name":"EARTH"}]},{"@type":"WebSite","@id":"https:\/\/geminight.azdigi.shop\/#website","url":"https:\/\/geminight.azdigi.shop\/","name":"GEMINIGHT","description":"","potentialAction":[{"@type":"SearchAction","target":{"@type":"EntryPoint","urlTemplate":"https:\/\/geminight.azdigi.shop\/?s={search_term_string}"},"query-input":{"@type":"PropertyValueSpecification","valueRequired":true,"valueName":"search_term_string"}}],"inLanguage":"vi"}]}},"_links":{"self":[{"href":"https:\/\/geminight.azdigi.shop\/index.php\/wp-json\/wp\/v2\/product\/702","targetHints":{"allow":["GET"]}}],"collection":[{"href":"https:\/\/geminight.azdigi.shop\/index.php\/wp-json\/wp\/v2\/product"}],"about":[{"href":"https:\/\/geminight.azdigi.shop\/index.php\/wp-json\/wp\/v2\/types\/product"}],"replies":[{"embeddable":true,"href":"https:\/\/geminight.azdigi.shop\/index.php\/wp-json\/wp\/v2\/comments?post=702"}],"wp:featuredmedia":[{"embeddable":true,"href":"https:\/\/geminight.azdigi.shop\/index.php\/wp-json\/wp\/v2\/media\/497"}],"wp:attachment":[{"href":"https:\/\/geminight.azdigi.shop\/index.php\/wp-json\/wp\/v2\/media?parent=702"}],"wp:term":[{"taxonomy":"product_brand","embeddable":true,"href":"https:\/\/geminight.azdigi.shop\/index.php\/wp-json\/wp\/v2\/product_brand?post=702"},{"taxonomy":"product_cat","embeddable":true,"href":"https:\/\/geminight.azdigi.shop\/index.php\/wp-json\/wp\/v2\/product_cat?post=702"},{"taxonomy":"product_tag","embeddable":true,"href":"https:\/\/geminight.azdigi.shop\/index.php\/wp-json\/wp\/v2\/product_tag?post=702"}],"curies":[{"name":"wp","href":"https:\/\/api.w.org\/{rel}","templated":true}]}}