{"id":653,"date":"2026-04-04T16:04:30","date_gmt":"2026-04-04T16:04:30","guid":{"rendered":"https:\/\/geminight.azdigi.shop\/?post_type=product&#038;p=653"},"modified":"2026-04-04T16:04:30","modified_gmt":"2026-04-04T16:04:30","slug":"mystera-candles","status":"publish","type":"product","link":"https:\/\/geminight.azdigi.shop\/index.php\/product\/mystera-candles\/","title":{"rendered":"Myst\u00e8ra Candles"},"content":{"rendered":"<h1 style=\"text-align: center;\"><span style=\"color: #000000;\"><strong><span style=\"font-size: 115%;\"> Myst\u00e8ra Candles\u00a0<\/span><\/strong><\/span><\/h1>\n<p style=\"text-align: center;\"><span style=\"font-size: 115%;\"><span style=\"color: #000000;\"><em><strong>Myst\u00e8ra Candles<\/strong><\/em><\/span> mang \u0111\u1ebfn tr\u1ea3i nghi\u1ec7m n\u1ebfn th\u01a1m handmade xanh, k\u1ebft h\u1ee3p nguy\u00ean li\u1ec7u t\u1ef1 nhi\u00ean v\u00e0 tinh d\u1ea7u th\u1ef1c v\u1eadt. V\u1edbi \u00a0b\u1ed9 s\u01b0u t\u1eadp n\u00e0y tinh g\u1ecdn nh\u01b0ng \u0111\u1ea7y cu\u1ed1n h\u00fat, \u0111\u01b0a b\u1ea1n \u0111i t\u1eeb s\u1ef1 sang tr\u1ecdng \u0111\u1ebfn ph\u00f3ng kho\u00e1ng v\u00e0 b\u00ed \u1ea9n.<\/span><\/p>\n<h3><span style=\"color: #000000;\"><strong><span style=\"font-size: 115%;\">H\u00e0nh tr\u00ecnh h\u01b0\u01a1ng th\u01a1m<\/span><\/strong><\/span><\/h3>\n<ul>\n<li><span style=\"font-size: 115%;\"><span style=\"color: #000000;\"><strong>Ngh\u1ec7 t\u00e2y &amp; Hoa h\u1ed3ng<\/strong><\/span> m\u1edf \u0111\u1ea7u b\u1eb1ng s\u1ef1 quy\u1ebfn r\u0169 v\u00e0 l\u00e3ng m\u1ea1n, nh\u01b0 m\u1ed9t b\u1ea3n t\u00ecnh ca sang tr\u1ecdng.<\/span><\/li>\n<li><span style=\"font-size: 115%;\"><span style=\"color: #000000;\"><strong>D\u1eeba &amp; C\u1ecf h\u01b0\u01a1ng b\u00e0i<\/strong><\/span> ti\u1ebfp n\u1ed1i b\u1eb1ng s\u1ef1 t\u01b0\u01a1i m\u00e1t, ph\u00f3ng kho\u00e1ng, mang h\u01a1i th\u1edf c\u1ee7a thi\u00ean nhi\u00ean nhi\u1ec7t \u0111\u1edbi.<\/span><\/li>\n<li><span style=\"font-size: 115%;\"><span style=\"color: #000000;\"><strong>H\u1ed5 ph\u00e1ch &amp; G\u1ed7 <\/strong><\/span>\u00a0kh\u00e9p l\u1ea1i h\u00e0nh tr\u00ecnh b\u1eb1ng s\u1ef1 b\u00ed \u1ea9n, s\u00e2u l\u1eafng, \u0111\u1ec3 l\u1ea1i d\u01b0 \u00e2m \u1ea5m \u00e1p kh\u00f3 qu\u00ean.<\/span><\/li>\n<\/ul>\n<h3><strong><span style=\"font-size: 115%;\">\u0110\u1eb7c \u0111i\u1ec3m n\u1ed5i b\u1eadt<\/span><\/strong><\/h3>\n<ul>\n<li><span style=\"font-size: 115%;\"><span style=\"color: #000000;\"><strong>Nguy\u00ean li\u1ec7u xanh<\/strong><\/span>: S\u00e1p \u0111\u1eadu n\u00e0nh t\u1ef1 nhi\u00ean, tinh d\u1ea7u th\u1ef1c v\u1eadt, kh\u00f4ng h\u00f3a ch\u1ea5t \u0111\u1ed9c h\u1ea1i.<\/span><\/li>\n<li><span style=\"font-size: 115%;\"><span style=\"color: #000000;\"><strong>B\u1ea5c cotton s\u1ea1ch<\/strong>:<\/span> Ch\u00e1y \u0111\u1ec1u, kh\u00f4ng kh\u00f3i \u0111en, an to\u00e0n cho s\u1ee9c kh\u1ecfe.<\/span><\/li>\n<li><span style=\"font-size: 115%;\"><span style=\"color: #000000;\"><strong>Bao b\u00ec th\u00e2n thi\u1ec7n m\u00f4i tr\u01b0\u1eddng<\/strong>:<\/span> H\u1ed9p gi\u1ea5y t\u00e1i ch\u1ebf, thi\u1ebft k\u1ebf tinh t\u1ebf.<\/span><\/li>\n<li><span style=\"font-size: 115%;\"><span style=\"color: #000000;\"><strong>Th\u1ee7 c\u00f4ng ngh\u1ec7 thu\u1eadt<\/strong><\/span>: M\u1ed7i s\u1ea3n ph\u1ea9m \u0111\u01b0\u1ee3c l\u00e0m b\u1eb1ng tay, mang d\u1ea5u \u1ea5n ri\u00eang bi\u1ec7t.<\/span><\/li>\n<\/ul>\n<h3><span style=\"color: #000000;\"><strong><span style=\"font-size: 115%;\">L\u1ee3i \u00edch<\/span><\/strong><\/span><\/h3>\n<ul>\n<li><span style=\"font-size: 115%;\">T\u1ea1o kh\u00f4ng gian th\u01b0 gi\u00e3n, gi\u1ea3m stress.<\/span><\/li>\n<li><span style=\"font-size: 115%;\">Mang l\u1ea1i s\u1ef1 sang tr\u1ecdng cho ph\u00f2ng kh\u00e1ch, ph\u00f2ng ng\u1ee7, spa ho\u1eb7c qu\u00e1n c\u00e0 ph\u00ea.<\/span><\/li>\n<li><span style=\"font-size: 115%;\">L\u00e0m qu\u00e0 t\u1eb7ng \u00fd ngh\u0129a, v\u1eeba \u0111\u1eb9p v\u1eeba xanh.<\/span><\/li>\n<\/ul>\n<h3><span style=\"color: #000000;\"><strong>LI\u00caN H\u1ec6 V\u1edaI CH\u00daNG T\u00d4I<\/strong><\/span><\/h3>\n<style id=\"wpforms-css-vars-285\">\n\t\t\t\t#wpforms-285 {\n\t\t\t\t--wpforms-container-padding: 0px;\n--wpforms-container-border-width: 1px;\n--wpforms-container-border-radius: 3px;\n--wpforms-background-color: rgba(0, 0, 0, 0);\n--wpforms-field-size-input-height: 43px;\n--wpforms-field-size-input-spacing: 15px;\n--wpforms-field-size-font-size: 16px;\n--wpforms-field-size-line-height: 19px;\n--wpforms-field-size-padding-h: 14px;\n--wpforms-field-size-checkbox-size: 16px;\n--wpforms-field-size-sublabel-spacing: 5px;\n--wpforms-field-size-icon-size: 1;\n--wpforms-label-size-font-size: 16px;\n--wpforms-label-size-line-height: 19px;\n--wpforms-label-size-sublabel-font-size: 14px;\n--wpforms-label-size-sublabel-line-height: 17px;\n--wpforms-button-size-font-size: 17px;\n--wpforms-button-size-height: 41px;\n--wpforms-button-size-padding-h: 15px;\n--wpforms-button-size-margin-top: 10px;\n--wpforms-container-shadow-size-box-shadow: none;\n\t\t\t}\n\t\t\t<\/style><div class=\"wpforms-container wpforms-container-full wpforms-render-modern\" id=\"wpforms-285\"><form id=\"wpforms-form-285\" class=\"wpforms-validate wpforms-form wpforms-ajax-form\" data-formid=\"285\" method=\"post\" enctype=\"multipart\/form-data\" action=\"\/index.php\/wp-json\/wp\/v2\/product\/653\" data-token=\"b5b965bce5fe632c2543b01b6dd6df7f\" data-token-time=\"1777000290\"><noscript class=\"wpforms-error-noscript\">Vui l\u00f2ng b\u1eadt JavaScript trong tr\u00ecnh duy\u1ec7t c\u1ee7a b\u1ea1n \u0111\u1ec3 ho\u00e0n th\u00e0nh Form n\u00e0y.<\/noscript><div id=\"wpforms-error-noscript\" style=\"display: none;\">Vui l\u00f2ng b\u1eadt JavaScript trong tr\u00ecnh duy\u1ec7t c\u1ee7a b\u1ea1n \u0111\u1ec3 ho\u00e0n th\u00e0nh Form n\u00e0y.<\/div><div class=\"wpforms-field-container\">\t\t<div id=\"wpforms-285-field_4-container\"\n\t\t\tclass=\"wpforms-field wpforms-field-text\"\n\t\t\tdata-field-type=\"text\"\n\t\t\tdata-field-id=\"4\"\n\t\t\t>\n\t\t\t<label class=\"wpforms-field-label\" for=\"wpforms-285-field_4\" >Name Message Email<\/label>\n\t\t\t<input type=\"text\" id=\"wpforms-285-field_4\" class=\"wpforms-field-medium\" name=\"wpforms[fields][4]\" >\n\t\t<\/div>\n\t\t<div id=\"wpforms-285-field_1-container\" class=\"wpforms-field wpforms-field-name\" data-field-id=\"1\"><fieldset><legend class=\"wpforms-field-label\">Name <span class=\"wpforms-required-label\" aria-hidden=\"true\">*<\/span><\/legend><div class=\"wpforms-field-row wpforms-field-medium\"><div class=\"wpforms-field-row-block wpforms-first wpforms-one-half\"><input type=\"text\" id=\"wpforms-285-field_1\" class=\"wpforms-field-name-first wpforms-field-required\" name=\"wpforms[fields][1][first]\" aria-errormessage=\"wpforms-285-field_1-error\" required><label for=\"wpforms-285-field_1\" class=\"wpforms-field-sublabel after\">T\u00ean<\/label><\/div><div class=\"wpforms-field-row-block wpforms-one-half\"><input type=\"text\" id=\"wpforms-285-field_1-last\" class=\"wpforms-field-name-last wpforms-field-required\" name=\"wpforms[fields][1][last]\" aria-errormessage=\"wpforms-285-field_1-last-error\" required><label for=\"wpforms-285-field_1-last\" class=\"wpforms-field-sublabel after\">H\u1ecd<\/label><\/div><\/div><\/fieldset><\/div><div id=\"wpforms-285-field_2-container\" class=\"wpforms-field wpforms-field-email\" data-field-id=\"2\"><label class=\"wpforms-field-label\" for=\"wpforms-285-field_2\">Email <span class=\"wpforms-required-label\" aria-hidden=\"true\">*<\/span><\/label><input type=\"email\" id=\"wpforms-285-field_2\" class=\"wpforms-field-medium wpforms-field-required\" name=\"wpforms[fields][2]\" spellcheck=\"false\" aria-errormessage=\"wpforms-285-field_2-error\" required><\/div><div id=\"wpforms-285-field_3-container\" class=\"wpforms-field wpforms-field-textarea\" data-field-id=\"3\"><label class=\"wpforms-field-label\" for=\"wpforms-285-field_3\">Comment or Message<\/label><textarea id=\"wpforms-285-field_3\" class=\"wpforms-field-medium\" name=\"wpforms[fields][3]\" aria-errormessage=\"wpforms-285-field_3-error\" ><\/textarea><\/div><script>\n\t\t\t\t( function() {\n\t\t\t\t\tconst style = document.createElement( 'style' );\n\t\t\t\t\tstyle.appendChild( document.createTextNode( '#wpforms-285-field_4-container { position: absolute !important; overflow: hidden !important; display: inline !important; height: 1px !important; width: 1px !important; z-index: -1000 !important; padding: 0 !important; } #wpforms-285-field_4-container input { visibility: hidden; } #wpforms-conversational-form-page #wpforms-285-field_4-container label { counter-increment: none; }' ) );\n\t\t\t\t\tdocument.head.appendChild( style );\n\t\t\t\t\tdocument.currentScript?.remove();\n\t\t\t\t} )();\n\t\t\t<\/script><\/div><!-- .wpforms-field-container --><div class=\"wpforms-submit-container\" ><input type=\"hidden\" name=\"wpforms[id]\" value=\"285\"><input type=\"hidden\" name=\"page_title\" value=\"\"><input type=\"hidden\" name=\"page_url\" value=\"https:\/\/geminight.azdigi.shop\/index.php\/wp-json\/wp\/v2\/product\/653\"><input type=\"hidden\" name=\"url_referer\" value=\"\"><button type=\"submit\" name=\"wpforms[submit]\" id=\"wpforms-submit-285\" class=\"wpforms-submit\" data-alt-text=\"Sending...\" data-submit-text=\"Submit\" aria-live=\"assertive\" value=\"wpforms-submit\">Submit<\/button><img loading=\"lazy\" decoding=\"async\" src=\"https:\/\/geminight.azdigi.shop\/wp-content\/plugins\/wpforms-lite\/assets\/images\/submit-spin.svg\" class=\"wpforms-submit-spinner\" style=\"display: none;\" width=\"26\" height=\"26\" alt=\"\u0110ang t\u1ea3i\"><\/div><\/form><\/div>  <!-- .wpforms-container -->\n<p><img loading=\"lazy\" decoding=\"async\" class=\"size-medium wp-image-249 aligncenter\" src=\"https:\/\/geminight.azdigi.shop\/wp-content\/uploads\/2026\/03\/new_collection__7_-removebg-preview-300x150.png\" alt=\"\" width=\"300\" height=\"150\" srcset=\"https:\/\/geminight.azdigi.shop\/wp-content\/uploads\/2026\/03\/new_collection__7_-removebg-preview-300x150.png 300w, https:\/\/geminight.azdigi.shop\/wp-content\/uploads\/2026\/03\/new_collection__7_-removebg-preview-600x300.png 600w, https:\/\/geminight.azdigi.shop\/wp-content\/uploads\/2026\/03\/new_collection__7_-removebg-preview.png 707w\" sizes=\"auto, (max-width: 300px) 100vw, 300px\" \/><\/p>\n<div><\/div>\n","protected":false},"excerpt":{"rendered":"<p>Myst\u00e8ra Candles\u00a0 Myst\u00e8ra Candles mang \u0111\u1ebfn tr\u1ea3i nghi\u1ec7m n\u1ebfn th\u01a1m handmade xanh, k\u1ebft h\u1ee3p nguy\u00ean li\u1ec7u t\u1ef1 nhi\u00ean v\u00e0 tinh d\u1ea7u th\u1ef1c v\u1eadt. V\u1edbi \u00a0b\u1ed9 s\u01b0u t\u1eadp n\u00e0y tinh g\u1ecdn nh\u01b0ng \u0111\u1ea7y cu\u1ed1n h\u00fat, \u0111\u01b0a b\u1ea1n \u0111i t\u1eeb s\u1ef1 sang tr\u1ecdng \u0111\u1ebfn ph\u00f3ng kho\u00e1ng v\u00e0 b\u00ed \u1ea9n. H\u00e0nh tr\u00ecnh h\u01b0\u01a1ng th\u01a1m Ngh\u1ec7 t\u00e2y &amp; Hoa [&#8230;]\n","protected":false},"featured_media":654,"comment_status":"open","ping_status":"closed","template":"","meta":[],"product_brand":[],"product_cat":[61],"product_tag":[],"class_list":{"0":"post-653","1":"product","2":"type-product","3":"status-publish","4":"has-post-thumbnail","6":"product_cat-mystera-candles","8":"first","9":"instock","10":"shipping-taxable","11":"purchasable","12":"product-type-variable"},"yoast_head":"<!-- This site is optimized with the Yoast SEO plugin v27.1.1 - https:\/\/yoast.com\/product\/yoast-seo-wordpress\/ -->\n<title>Myst\u00e8ra Candles - GEMINIGHT<\/title>\n<meta name=\"description\" content=\"Myst\u00e8ra Candles mang \u0111\u1ebfn tr\u1ea3i nghi\u1ec7m n\u1ebfn th\u01a1m handmade xanh, k\u1ebft h\u1ee3p nguy\u00ean li\u1ec7u t\u1ef1 nhi\u00ean v\u00e0 tinh d\u1ea7u th\u1ef1c v\u1eadt. V\u1edbi \u00a0b\u1ed9 s\u01b0u t\u1eadp n\u00e0y tinh g\u1ecdn\" \/>\n<meta name=\"robots\" content=\"index, follow, max-snippet:-1, max-image-preview:large, max-video-preview:-1\" \/>\n<link rel=\"canonical\" href=\"https:\/\/geminight.azdigi.shop\/index.php\/product\/mystera-candles\/\" \/>\n<meta property=\"og:locale\" content=\"vi_VN\" \/>\n<meta property=\"og:type\" content=\"article\" \/>\n<meta property=\"og:title\" content=\"Myst\u00e8ra Candles - GEMINIGHT\" \/>\n<meta property=\"og:description\" content=\"Myst\u00e8ra Candles mang \u0111\u1ebfn tr\u1ea3i nghi\u1ec7m n\u1ebfn th\u01a1m handmade xanh, k\u1ebft h\u1ee3p nguy\u00ean li\u1ec7u t\u1ef1 nhi\u00ean v\u00e0 tinh d\u1ea7u th\u1ef1c v\u1eadt. V\u1edbi \u00a0b\u1ed9 s\u01b0u t\u1eadp n\u00e0y tinh g\u1ecdn\" \/>\n<meta property=\"og:url\" content=\"https:\/\/geminight.azdigi.shop\/index.php\/product\/mystera-candles\/\" \/>\n<meta property=\"og:site_name\" content=\"GEMINIGHT\" \/>\n<meta property=\"og:image\" content=\"https:\/\/geminight.azdigi.shop\/wp-content\/uploads\/2026\/04\/9c451fe192854190c7189b7fe9259611.jpg\" \/>\n\t<meta property=\"og:image:width\" content=\"765\" \/>\n\t<meta property=\"og:image:height\" content=\"973\" \/>\n\t<meta property=\"og:image:type\" content=\"image\/jpeg\" \/>\n<meta name=\"twitter:card\" content=\"summary_large_image\" \/>\n<meta name=\"twitter:label1\" content=\"\u01af\u1edbc t\u00ednh th\u1eddi gian \u0111\u1ecdc\" \/>\n\t<meta name=\"twitter:data1\" content=\"2 ph\u00fat\" \/>\n<script type=\"application\/ld+json\" class=\"yoast-schema-graph\">{\"@context\":\"https:\/\/schema.org\",\"@graph\":[{\"@type\":\"WebPage\",\"@id\":\"https:\/\/geminight.azdigi.shop\/index.php\/product\/mystera-candles\/\",\"url\":\"https:\/\/geminight.azdigi.shop\/index.php\/product\/mystera-candles\/\",\"name\":\"Myst\u00e8ra Candles - GEMINIGHT\",\"isPartOf\":{\"@id\":\"https:\/\/geminight.azdigi.shop\/#website\"},\"primaryImageOfPage\":{\"@id\":\"https:\/\/geminight.azdigi.shop\/index.php\/product\/mystera-candles\/#primaryimage\"},\"image\":{\"@id\":\"https:\/\/geminight.azdigi.shop\/index.php\/product\/mystera-candles\/#primaryimage\"},\"thumbnailUrl\":\"https:\/\/geminight.azdigi.shop\/wp-content\/uploads\/2026\/04\/9c451fe192854190c7189b7fe9259611.jpg\",\"datePublished\":\"2026-04-04T16:04:30+00:00\",\"description\":\"Myst\u00e8ra Candles mang \u0111\u1ebfn tr\u1ea3i nghi\u1ec7m n\u1ebfn th\u01a1m handmade xanh, k\u1ebft h\u1ee3p nguy\u00ean li\u1ec7u t\u1ef1 nhi\u00ean v\u00e0 tinh d\u1ea7u th\u1ef1c v\u1eadt. V\u1edbi \u00a0b\u1ed9 s\u01b0u t\u1eadp n\u00e0y tinh g\u1ecdn\",\"breadcrumb\":{\"@id\":\"https:\/\/geminight.azdigi.shop\/index.php\/product\/mystera-candles\/#breadcrumb\"},\"inLanguage\":\"vi\",\"potentialAction\":[{\"@type\":\"ReadAction\",\"target\":[\"https:\/\/geminight.azdigi.shop\/index.php\/product\/mystera-candles\/\"]}]},{\"@type\":\"ImageObject\",\"inLanguage\":\"vi\",\"@id\":\"https:\/\/geminight.azdigi.shop\/index.php\/product\/mystera-candles\/#primaryimage\",\"url\":\"https:\/\/geminight.azdigi.shop\/wp-content\/uploads\/2026\/04\/9c451fe192854190c7189b7fe9259611.jpg\",\"contentUrl\":\"https:\/\/geminight.azdigi.shop\/wp-content\/uploads\/2026\/04\/9c451fe192854190c7189b7fe9259611.jpg\",\"width\":765,\"height\":973},{\"@type\":\"BreadcrumbList\",\"@id\":\"https:\/\/geminight.azdigi.shop\/index.php\/product\/mystera-candles\/#breadcrumb\",\"itemListElement\":[{\"@type\":\"ListItem\",\"position\":1,\"name\":\"Home\",\"item\":\"https:\/\/geminight.azdigi.shop\/\"},{\"@type\":\"ListItem\",\"position\":2,\"name\":\"Shop\",\"item\":\"https:\/\/geminight.azdigi.shop\/index.php\/shop\/\"},{\"@type\":\"ListItem\",\"position\":3,\"name\":\"Myst\u00e8ra Candles\"}]},{\"@type\":\"WebSite\",\"@id\":\"https:\/\/geminight.azdigi.shop\/#website\",\"url\":\"https:\/\/geminight.azdigi.shop\/\",\"name\":\"GEMINIGHT\",\"description\":\"\",\"potentialAction\":[{\"@type\":\"SearchAction\",\"target\":{\"@type\":\"EntryPoint\",\"urlTemplate\":\"https:\/\/geminight.azdigi.shop\/?s={search_term_string}\"},\"query-input\":{\"@type\":\"PropertyValueSpecification\",\"valueRequired\":true,\"valueName\":\"search_term_string\"}}],\"inLanguage\":\"vi\"}]}<\/script>\n<!-- \/ Yoast SEO plugin. -->","yoast_head_json":{"title":"Myst\u00e8ra Candles - GEMINIGHT","description":"Myst\u00e8ra Candles mang \u0111\u1ebfn tr\u1ea3i nghi\u1ec7m n\u1ebfn th\u01a1m handmade xanh, k\u1ebft h\u1ee3p nguy\u00ean li\u1ec7u t\u1ef1 nhi\u00ean v\u00e0 tinh d\u1ea7u th\u1ef1c v\u1eadt. V\u1edbi \u00a0b\u1ed9 s\u01b0u t\u1eadp n\u00e0y tinh g\u1ecdn","robots":{"index":"index","follow":"follow","max-snippet":"max-snippet:-1","max-image-preview":"max-image-preview:large","max-video-preview":"max-video-preview:-1"},"canonical":"https:\/\/geminight.azdigi.shop\/index.php\/product\/mystera-candles\/","og_locale":"vi_VN","og_type":"article","og_title":"Myst\u00e8ra Candles - GEMINIGHT","og_description":"Myst\u00e8ra Candles mang \u0111\u1ebfn tr\u1ea3i nghi\u1ec7m n\u1ebfn th\u01a1m handmade xanh, k\u1ebft h\u1ee3p nguy\u00ean li\u1ec7u t\u1ef1 nhi\u00ean v\u00e0 tinh d\u1ea7u th\u1ef1c v\u1eadt. V\u1edbi \u00a0b\u1ed9 s\u01b0u t\u1eadp n\u00e0y tinh g\u1ecdn","og_url":"https:\/\/geminight.azdigi.shop\/index.php\/product\/mystera-candles\/","og_site_name":"GEMINIGHT","og_image":[{"width":765,"height":973,"url":"https:\/\/geminight.azdigi.shop\/wp-content\/uploads\/2026\/04\/9c451fe192854190c7189b7fe9259611.jpg","type":"image\/jpeg"}],"twitter_card":"summary_large_image","twitter_misc":{"\u01af\u1edbc t\u00ednh th\u1eddi gian \u0111\u1ecdc":"2 ph\u00fat"},"schema":{"@context":"https:\/\/schema.org","@graph":[{"@type":"WebPage","@id":"https:\/\/geminight.azdigi.shop\/index.php\/product\/mystera-candles\/","url":"https:\/\/geminight.azdigi.shop\/index.php\/product\/mystera-candles\/","name":"Myst\u00e8ra Candles - GEMINIGHT","isPartOf":{"@id":"https:\/\/geminight.azdigi.shop\/#website"},"primaryImageOfPage":{"@id":"https:\/\/geminight.azdigi.shop\/index.php\/product\/mystera-candles\/#primaryimage"},"image":{"@id":"https:\/\/geminight.azdigi.shop\/index.php\/product\/mystera-candles\/#primaryimage"},"thumbnailUrl":"https:\/\/geminight.azdigi.shop\/wp-content\/uploads\/2026\/04\/9c451fe192854190c7189b7fe9259611.jpg","datePublished":"2026-04-04T16:04:30+00:00","description":"Myst\u00e8ra Candles mang \u0111\u1ebfn tr\u1ea3i nghi\u1ec7m n\u1ebfn th\u01a1m handmade xanh, k\u1ebft h\u1ee3p nguy\u00ean li\u1ec7u t\u1ef1 nhi\u00ean v\u00e0 tinh d\u1ea7u th\u1ef1c v\u1eadt. V\u1edbi \u00a0b\u1ed9 s\u01b0u t\u1eadp n\u00e0y tinh g\u1ecdn","breadcrumb":{"@id":"https:\/\/geminight.azdigi.shop\/index.php\/product\/mystera-candles\/#breadcrumb"},"inLanguage":"vi","potentialAction":[{"@type":"ReadAction","target":["https:\/\/geminight.azdigi.shop\/index.php\/product\/mystera-candles\/"]}]},{"@type":"ImageObject","inLanguage":"vi","@id":"https:\/\/geminight.azdigi.shop\/index.php\/product\/mystera-candles\/#primaryimage","url":"https:\/\/geminight.azdigi.shop\/wp-content\/uploads\/2026\/04\/9c451fe192854190c7189b7fe9259611.jpg","contentUrl":"https:\/\/geminight.azdigi.shop\/wp-content\/uploads\/2026\/04\/9c451fe192854190c7189b7fe9259611.jpg","width":765,"height":973},{"@type":"BreadcrumbList","@id":"https:\/\/geminight.azdigi.shop\/index.php\/product\/mystera-candles\/#breadcrumb","itemListElement":[{"@type":"ListItem","position":1,"name":"Home","item":"https:\/\/geminight.azdigi.shop\/"},{"@type":"ListItem","position":2,"name":"Shop","item":"https:\/\/geminight.azdigi.shop\/index.php\/shop\/"},{"@type":"ListItem","position":3,"name":"Myst\u00e8ra Candles"}]},{"@type":"WebSite","@id":"https:\/\/geminight.azdigi.shop\/#website","url":"https:\/\/geminight.azdigi.shop\/","name":"GEMINIGHT","description":"","potentialAction":[{"@type":"SearchAction","target":{"@type":"EntryPoint","urlTemplate":"https:\/\/geminight.azdigi.shop\/?s={search_term_string}"},"query-input":{"@type":"PropertyValueSpecification","valueRequired":true,"valueName":"search_term_string"}}],"inLanguage":"vi"}]}},"_links":{"self":[{"href":"https:\/\/geminight.azdigi.shop\/index.php\/wp-json\/wp\/v2\/product\/653","targetHints":{"allow":["GET"]}}],"collection":[{"href":"https:\/\/geminight.azdigi.shop\/index.php\/wp-json\/wp\/v2\/product"}],"about":[{"href":"https:\/\/geminight.azdigi.shop\/index.php\/wp-json\/wp\/v2\/types\/product"}],"replies":[{"embeddable":true,"href":"https:\/\/geminight.azdigi.shop\/index.php\/wp-json\/wp\/v2\/comments?post=653"}],"wp:featuredmedia":[{"embeddable":true,"href":"https:\/\/geminight.azdigi.shop\/index.php\/wp-json\/wp\/v2\/media\/654"}],"wp:attachment":[{"href":"https:\/\/geminight.azdigi.shop\/index.php\/wp-json\/wp\/v2\/media?parent=653"}],"wp:term":[{"taxonomy":"product_brand","embeddable":true,"href":"https:\/\/geminight.azdigi.shop\/index.php\/wp-json\/wp\/v2\/product_brand?post=653"},{"taxonomy":"product_cat","embeddable":true,"href":"https:\/\/geminight.azdigi.shop\/index.php\/wp-json\/wp\/v2\/product_cat?post=653"},{"taxonomy":"product_tag","embeddable":true,"href":"https:\/\/geminight.azdigi.shop\/index.php\/wp-json\/wp\/v2\/product_tag?post=653"}],"curies":[{"name":"wp","href":"https:\/\/api.w.org\/{rel}","templated":true}]}}