{"id":589,"date":"2026-04-04T04:11:03","date_gmt":"2026-04-04T04:11:03","guid":{"rendered":"https:\/\/geminight.azdigi.shop\/?post_type=product&#038;p=589"},"modified":"2026-04-18T23:35:24","modified_gmt":"2026-04-18T16:35:24","slug":"daily-differ","status":"publish","type":"product","link":"https:\/\/geminight.azdigi.shop\/index.php\/product\/daily-differ\/","title":{"rendered":"Daily Differ"},"content":{"rendered":"<h1 style=\"text-align: center;\"><span style=\"color: #000000;\"><strong>\ud83c\udf4f Daily Differ \u2013 Tinh d\u1ea7u khu\u1ebfch t\u00e1n h\u01b0\u01a1ng th\u01a1m<\/strong><\/span><\/h1>\n<h2><span style=\"font-size: 115%;\"><strong><span style=\"color: #000000;\">1. Kh\u00f4ng gian s\u1ed1ng th\u01b0 gi\u00e3n v\u1edbi Daily Differ<\/span><\/strong><\/span><\/h2>\n<p><span style=\"font-size: 115%;\">Trong nh\u1ecbp s\u1ed1ng hi\u1ec7n \u0111\u1ea1i, ai c\u0169ng mong mu\u1ed1n c\u00f3 m\u1ed9t n\u01a1i \u0111\u1ec3 tr\u1edf v\u1ec1, ngh\u1ec9 ng\u01a1i v\u00e0 t\u00e1i t\u1ea1o n\u0103ng l\u01b0\u1ee3ng.<em><span style=\"color: #000000;\"> <strong>Daily Differ \u2013 tinh d\u1ea7u khu\u1ebfch t\u00e1n <\/strong><\/span><\/em>\u00a0ch\u00ednh l\u00e0 l\u1ef1a ch\u1ecdn gi\u00fap b\u1ea1n bi\u1ebfn c\u0103n ph\u00f2ng th\u00e0nh kh\u00f4ng gian ng\u1eadp tr\u00e0n h\u01b0\u01a1ng th\u01a1m tinh t\u1ebf, sang tr\u1ecdng v\u00e0 \u0111\u1ea7y c\u1ea3m x\u00fac.<\/span><\/p>\n<h2><span style=\"color: #000000; font-size: 115%;\"><strong>2. H\u01b0\u01a1ng th\u01a1m ba t\u1ea7ng \u0111\u1ed9c \u0111\u00e1o<\/strong><\/span><\/h2>\n<p><span style=\"font-size: 115%;\">Daily Differ mang \u0111\u1ebfn s\u1ef1 h\u00f2a quy\u1ec7n c\u1ee7a ba t\u1ea7ng h\u01b0\u01a1ng:<\/span><\/p>\n<ul>\n<li><span style=\"font-size: 115%;\"><span style=\"color: #000000;\"><strong>Apple (Top note):<\/strong><\/span> h\u01b0\u01a1ng t\u00e1o t\u01b0\u01a1i m\u00e1t, kh\u1edfi \u0111\u1ea7u \u0111\u1ea7y n\u0103ng l\u01b0\u1ee3ng.<\/span><\/li>\n<li><span style=\"font-size: 115%;\"><strong><span style=\"color: #000000;\">Rose (Middle note)<\/span>:<\/strong> h\u01b0\u01a1ng hoa h\u1ed3ng ng\u1ecdt ng\u00e0o, l\u00e3ng m\u1ea1n.<\/span><\/li>\n<li><span style=\"font-size: 115%;\"><strong><span style=\"color: #000000;\">Musk (Base note)<\/span>:<\/strong> h\u01b0\u01a1ng x\u1ea1 h\u01b0\u01a1ng \u1ea5m \u00e1p, l\u01b0u gi\u1eef l\u00e2u d\u00e0i.<\/span><\/li>\n<\/ul>\n<p><span style=\"font-size: 115%;\">S\u1ef1 k\u1ebft h\u1ee3p n\u00e0y t\u1ea1o n\u00ean tr\u1ea3i nghi\u1ec7m h\u01b0\u01a1ng th\u01a1m c\u00e2n b\u1eb1ng, v\u1eeba t\u01b0\u01a1i m\u1edbi v\u1eeba sang tr\u1ecdng, ph\u00f9 h\u1ee3p cho m\u1ecdi kh\u00f4ng gian s\u1ed1ng.<\/span><\/p>\n<h2><span style=\"color: #000000;\"><strong><span style=\"font-size: 115%;\">3. L\u1ee3i \u00edch khi s\u1eed d\u1ee5ng Daily Differ<\/span><\/strong><\/span><\/h2>\n<ul>\n<li><span style=\"font-size: 115%;\"><span style=\"color: #000000;\"><strong>Kh\u1eed m\u00f9i hi\u1ec7u qu\u1ea3<\/strong>,<\/span> mang l\u1ea1i kh\u00f4ng kh\u00ed trong l\u00e0nh.<\/span><\/li>\n<li><span style=\"font-size: 115%;\"><span style=\"color: #000000;\"><strong>Gi\u00fap th\u01b0 gi\u00e3n tinh th\u1ea7n<\/strong><\/span>, gi\u1ea3m c\u0103ng th\u1eb3ng sau ng\u00e0y d\u00e0i.<\/span><\/li>\n<li><span style=\"font-size: 115%;\"><span style=\"color: #000000;\"><strong>Trang tr\u00ed n\u1ed9i th\u1ea5t<\/strong><\/span> v\u1edbi thi\u1ebft k\u1ebf t\u1ed1i gi\u1ea3n, thanh l\u1ecbch.<\/span><\/li>\n<li><span style=\"font-size: 115%;\"><span style=\"color: #000000;\"><strong>Qu\u00e0 t\u1eb7ng sang tr\u1ecdng<\/strong> <\/span>d\u00e0nh cho b\u1ea1n b\u00e8, ng\u01b0\u1eddi th\u00e2n.<\/span><\/li>\n<\/ul>\n<h2><span style=\"color: #000000;\"><strong><span style=\"font-size: 115%;\">4. Daily Differ \u2013 \u0110i\u1ec3m nh\u1ea5n tinh t\u1ebf cho phong c\u00e1ch s\u1ed1ng<\/span><\/strong><\/span><\/h2>\n<p><span style=\"font-size: 115%;\">Kh\u00f4ng ch\u1ec9 mang l\u1ea1i h\u01b0\u01a1ng th\u01a1m d\u1ec5 ch\u1ecbu, Daily Differ c\u00f2n l\u00e0 m\u1ed9t ph\u1ea7n c\u1ee7a phong c\u00e1ch s\u1ed1ng hi\u1ec7n \u0111\u1ea1i. Thi\u1ebft k\u1ebf chai th\u1ee7y tinh trong su\u1ed1t c\u00f9ng que khu\u1ebfch t\u00e1n m\u00e0u \u0111en t\u1ed1i gi\u1ea3n gi\u00fap s\u1ea3n ph\u1ea9m tr\u1edf th\u00e0nh m\u00f3n decor sang tr\u1ecdng, d\u1ec5 d\u00e0ng h\u00f2a h\u1ee3p v\u1edbi nhi\u1ec1u phong c\u00e1ch n\u1ed9i th\u1ea5t.<\/span><\/p>\n<p><span style=\"font-size: 115%;\">\u0110\u1eb7t Daily Differ trong ph\u00f2ng kh\u00e1ch, ph\u00f2ng ng\u1ee7 hay g\u00f3c l\u00e0m vi\u1ec7c, b\u1ea1n s\u1ebd c\u1ea3m nh\u1eadn \u0111\u01b0\u1ee3c s\u1ef1 thay \u0111\u1ed5i r\u00f5 r\u1ec7t: kh\u00f4ng kh\u00ed trong l\u00e0nh h\u01a1n, tinh th\u1ea7n nh\u1eb9 nh\u00e0ng h\u01a1n v\u00e0 c\u0103n ph\u00f2ng tr\u1edf n\u00ean \u1ea5m \u00e1p, g\u1ea7n g\u0169i. \u0110\u00e2y c\u0169ng l\u00e0 m\u00f3n qu\u00e0 tinh t\u1ebf d\u00e0nh cho ng\u01b0\u1eddi th\u00e2n, b\u1ea1n b\u00e8 \u2013 v\u1eeba mang \u00fd ngh\u0129a ch\u0103m s\u00f3c v\u1eeba th\u1ec3 hi\u1ec7n s\u1ef1 quan t\u00e2m chu \u0111\u00e1o.<\/span><\/p>\n<p><span style=\"color: #000000; font-size: 120%;\"><strong>LI\u00caN H\u1ec6 V\u1edaI CH\u00daNG T\u00d4I<\/strong><\/span><\/p>\n<style id=\"wpforms-css-vars-285\">\n\t\t\t\t#wpforms-285 {\n\t\t\t\t--wpforms-container-padding: 0px;\n--wpforms-container-border-width: 1px;\n--wpforms-container-border-radius: 3px;\n--wpforms-background-color: rgba(0, 0, 0, 0);\n--wpforms-field-size-input-height: 43px;\n--wpforms-field-size-input-spacing: 15px;\n--wpforms-field-size-font-size: 16px;\n--wpforms-field-size-line-height: 19px;\n--wpforms-field-size-padding-h: 14px;\n--wpforms-field-size-checkbox-size: 16px;\n--wpforms-field-size-sublabel-spacing: 5px;\n--wpforms-field-size-icon-size: 1;\n--wpforms-label-size-font-size: 16px;\n--wpforms-label-size-line-height: 19px;\n--wpforms-label-size-sublabel-font-size: 14px;\n--wpforms-label-size-sublabel-line-height: 17px;\n--wpforms-button-size-font-size: 17px;\n--wpforms-button-size-height: 41px;\n--wpforms-button-size-padding-h: 15px;\n--wpforms-button-size-margin-top: 10px;\n--wpforms-container-shadow-size-box-shadow: none;\n\t\t\t}\n\t\t\t<\/style><div class=\"wpforms-container wpforms-container-full wpforms-render-modern\" id=\"wpforms-285\"><form id=\"wpforms-form-285\" class=\"wpforms-validate wpforms-form wpforms-ajax-form\" data-formid=\"285\" method=\"post\" enctype=\"multipart\/form-data\" action=\"\/index.php\/wp-json\/wp\/v2\/product\/589\" data-token=\"c49d949707bef0b90089528119073e88\" data-token-time=\"1777113134\"><noscript class=\"wpforms-error-noscript\">Vui l\u00f2ng b\u1eadt JavaScript trong tr\u00ecnh duy\u1ec7t c\u1ee7a b\u1ea1n \u0111\u1ec3 ho\u00e0n th\u00e0nh Form n\u00e0y.<\/noscript><div id=\"wpforms-error-noscript\" style=\"display: none;\">Vui l\u00f2ng b\u1eadt JavaScript trong tr\u00ecnh duy\u1ec7t c\u1ee7a b\u1ea1n \u0111\u1ec3 ho\u00e0n th\u00e0nh Form n\u00e0y.<\/div><div class=\"wpforms-field-container\">\t\t<div id=\"wpforms-285-field_4-container\"\n\t\t\tclass=\"wpforms-field wpforms-field-text\"\n\t\t\tdata-field-type=\"text\"\n\t\t\tdata-field-id=\"4\"\n\t\t\t>\n\t\t\t<label class=\"wpforms-field-label\" for=\"wpforms-285-field_4\" >Name Comment Email<\/label>\n\t\t\t<input type=\"text\" id=\"wpforms-285-field_4\" class=\"wpforms-field-medium\" name=\"wpforms[fields][4]\" >\n\t\t<\/div>\n\t\t<div id=\"wpforms-285-field_1-container\" class=\"wpforms-field wpforms-field-name\" data-field-id=\"1\"><fieldset><legend class=\"wpforms-field-label\">Name <span class=\"wpforms-required-label\" aria-hidden=\"true\">*<\/span><\/legend><div class=\"wpforms-field-row wpforms-field-medium\"><div class=\"wpforms-field-row-block wpforms-first wpforms-one-half\"><input type=\"text\" id=\"wpforms-285-field_1\" class=\"wpforms-field-name-first wpforms-field-required\" name=\"wpforms[fields][1][first]\" aria-errormessage=\"wpforms-285-field_1-error\" required><label for=\"wpforms-285-field_1\" class=\"wpforms-field-sublabel after\">T\u00ean<\/label><\/div><div class=\"wpforms-field-row-block wpforms-one-half\"><input type=\"text\" id=\"wpforms-285-field_1-last\" class=\"wpforms-field-name-last wpforms-field-required\" name=\"wpforms[fields][1][last]\" aria-errormessage=\"wpforms-285-field_1-last-error\" required><label for=\"wpforms-285-field_1-last\" class=\"wpforms-field-sublabel after\">H\u1ecd<\/label><\/div><\/div><\/fieldset><\/div><div id=\"wpforms-285-field_2-container\" class=\"wpforms-field wpforms-field-email\" data-field-id=\"2\"><label class=\"wpforms-field-label\" for=\"wpforms-285-field_2\">Email <span class=\"wpforms-required-label\" aria-hidden=\"true\">*<\/span><\/label><input type=\"email\" id=\"wpforms-285-field_2\" class=\"wpforms-field-medium wpforms-field-required\" name=\"wpforms[fields][2]\" spellcheck=\"false\" aria-errormessage=\"wpforms-285-field_2-error\" required><\/div><div id=\"wpforms-285-field_3-container\" class=\"wpforms-field wpforms-field-textarea\" data-field-id=\"3\"><label class=\"wpforms-field-label\" for=\"wpforms-285-field_3\">Comment or Message<\/label><textarea id=\"wpforms-285-field_3\" class=\"wpforms-field-medium\" name=\"wpforms[fields][3]\" aria-errormessage=\"wpforms-285-field_3-error\" ><\/textarea><\/div><script>\n\t\t\t\t( function() {\n\t\t\t\t\tconst style = document.createElement( 'style' );\n\t\t\t\t\tstyle.appendChild( document.createTextNode( '#wpforms-285-field_4-container { position: absolute !important; overflow: hidden !important; display: inline !important; height: 1px !important; width: 1px !important; z-index: -1000 !important; padding: 0 !important; } #wpforms-285-field_4-container input { visibility: hidden; } #wpforms-conversational-form-page #wpforms-285-field_4-container label { counter-increment: none; }' ) );\n\t\t\t\t\tdocument.head.appendChild( style );\n\t\t\t\t\tdocument.currentScript?.remove();\n\t\t\t\t} )();\n\t\t\t<\/script><\/div><!-- .wpforms-field-container --><div class=\"wpforms-submit-container\" ><input type=\"hidden\" name=\"wpforms[id]\" value=\"285\"><input type=\"hidden\" name=\"page_title\" value=\"\"><input type=\"hidden\" name=\"page_url\" value=\"https:\/\/geminight.azdigi.shop\/index.php\/wp-json\/wp\/v2\/product\/589\"><input type=\"hidden\" name=\"url_referer\" value=\"\"><button type=\"submit\" name=\"wpforms[submit]\" id=\"wpforms-submit-285\" class=\"wpforms-submit\" data-alt-text=\"Sending...\" data-submit-text=\"Submit\" aria-live=\"assertive\" value=\"wpforms-submit\">Submit<\/button><img loading=\"lazy\" decoding=\"async\" src=\"https:\/\/geminight.azdigi.shop\/wp-content\/plugins\/wpforms-lite\/assets\/images\/submit-spin.svg\" class=\"wpforms-submit-spinner\" style=\"display: none;\" width=\"26\" height=\"26\" alt=\"\u0110ang t\u1ea3i\"><\/div><\/form><\/div>  <!-- .wpforms-container -->\n<p><img loading=\"lazy\" decoding=\"async\" class=\" wp-image-249 aligncenter\" src=\"https:\/\/geminight.azdigi.shop\/wp-content\/uploads\/2026\/03\/new_collection__7_-removebg-preview-300x150.png\" alt=\"\" width=\"326\" height=\"163\" srcset=\"https:\/\/geminight.azdigi.shop\/wp-content\/uploads\/2026\/03\/new_collection__7_-removebg-preview-300x150.png 300w, https:\/\/geminight.azdigi.shop\/wp-content\/uploads\/2026\/03\/new_collection__7_-removebg-preview-600x300.png 600w, https:\/\/geminight.azdigi.shop\/wp-content\/uploads\/2026\/03\/new_collection__7_-removebg-preview.png 707w\" sizes=\"auto, (max-width: 326px) 100vw, 326px\" \/><\/p>\n<p>&nbsp;<\/p>\n<div><\/div>\n","protected":false},"excerpt":{"rendered":"<p>\ud83c\udf4f Daily Differ \u2013 Tinh d\u1ea7u khu\u1ebfch t\u00e1n h\u01b0\u01a1ng th\u01a1m 1. Kh\u00f4ng gian s\u1ed1ng th\u01b0 gi\u00e3n v\u1edbi Daily Differ Trong nh\u1ecbp s\u1ed1ng hi\u1ec7n \u0111\u1ea1i, ai c\u0169ng mong mu\u1ed1n c\u00f3 m\u1ed9t n\u01a1i \u0111\u1ec3 tr\u1edf v\u1ec1, ngh\u1ec9 ng\u01a1i v\u00e0 t\u00e1i t\u1ea1o n\u0103ng l\u01b0\u1ee3ng. Daily Differ \u2013 tinh d\u1ea7u khu\u1ebfch t\u00e1n \u00a0ch\u00ednh l\u00e0 l\u1ef1a ch\u1ecdn gi\u00fap b\u1ea1n bi\u1ebfn [&#8230;]\n","protected":false},"featured_media":912,"comment_status":"open","ping_status":"closed","template":"","meta":[],"product_brand":[],"product_cat":[52],"product_tag":[],"class_list":{"0":"post-589","1":"product","2":"type-product","3":"status-publish","4":"has-post-thumbnail","6":"product_cat-daily-differ","8":"first","9":"instock","10":"sale","11":"shipping-taxable","12":"purchasable","13":"product-type-variable"},"yoast_head":"<!-- This site is optimized with the Yoast SEO plugin v27.1.1 - https:\/\/yoast.com\/product\/yoast-seo-wordpress\/ -->\n<title>Daily Differ - GEMINIGHT<\/title>\n<meta name=\"description\" content=\"Daily Differ \u2013 tinh d\u1ea7u khu\u1ebfch t\u00e1n phi\u00ean b\u1ea3n Crystal Edition ch\u00ednh l\u00e0 gi\u1ea3i ph\u00e1p gi\u00fap b\u1ea1n bi\u1ebfn c\u0103n ph\u00f2ng th\u00e0nh n\u01a1i ng\u1eadp tr\u00e0n h\u01b0\u01a1ng th\u01a1m sang tr\u1ecdng v\u00e0 tinh t\u1ebf\" \/>\n<meta name=\"robots\" content=\"index, follow, max-snippet:-1, max-image-preview:large, max-video-preview:-1\" \/>\n<link rel=\"canonical\" href=\"https:\/\/geminight.azdigi.shop\/index.php\/product\/daily-differ\/\" \/>\n<meta property=\"og:locale\" content=\"vi_VN\" \/>\n<meta property=\"og:type\" content=\"article\" \/>\n<meta property=\"og:title\" content=\"Daily Differ - GEMINIGHT\" \/>\n<meta property=\"og:description\" content=\"Daily Differ \u2013 tinh d\u1ea7u khu\u1ebfch t\u00e1n phi\u00ean b\u1ea3n Crystal Edition ch\u00ednh l\u00e0 gi\u1ea3i ph\u00e1p gi\u00fap b\u1ea1n bi\u1ebfn c\u0103n ph\u00f2ng th\u00e0nh n\u01a1i ng\u1eadp tr\u00e0n h\u01b0\u01a1ng th\u01a1m sang tr\u1ecdng v\u00e0 tinh t\u1ebf\" \/>\n<meta property=\"og:url\" content=\"https:\/\/geminight.azdigi.shop\/index.php\/product\/daily-differ\/\" \/>\n<meta property=\"og:site_name\" content=\"GEMINIGHT\" \/>\n<meta property=\"article:modified_time\" content=\"2026-04-18T16:35:24+00:00\" \/>\n<meta property=\"og:image\" content=\"https:\/\/geminight.azdigi.shop\/wp-content\/uploads\/2026\/04\/34-e1776529971345.jpg\" \/>\n\t<meta property=\"og:image:width\" content=\"1000\" \/>\n\t<meta property=\"og:image:height\" content=\"1298\" \/>\n\t<meta property=\"og:image:type\" content=\"image\/jpeg\" \/>\n<meta name=\"twitter:card\" content=\"summary_large_image\" \/>\n<meta name=\"twitter:label1\" content=\"\u01af\u1edbc t\u00ednh th\u1eddi gian \u0111\u1ecdc\" \/>\n\t<meta name=\"twitter:data1\" content=\"3 ph\u00fat\" \/>\n<script type=\"application\/ld+json\" class=\"yoast-schema-graph\">{\"@context\":\"https:\/\/schema.org\",\"@graph\":[{\"@type\":\"WebPage\",\"@id\":\"https:\/\/geminight.azdigi.shop\/index.php\/product\/daily-differ\/\",\"url\":\"https:\/\/geminight.azdigi.shop\/index.php\/product\/daily-differ\/\",\"name\":\"Daily Differ - GEMINIGHT\",\"isPartOf\":{\"@id\":\"https:\/\/geminight.azdigi.shop\/#website\"},\"primaryImageOfPage\":{\"@id\":\"https:\/\/geminight.azdigi.shop\/index.php\/product\/daily-differ\/#primaryimage\"},\"image\":{\"@id\":\"https:\/\/geminight.azdigi.shop\/index.php\/product\/daily-differ\/#primaryimage\"},\"thumbnailUrl\":\"https:\/\/geminight.azdigi.shop\/wp-content\/uploads\/2026\/04\/34-e1776529971345.jpg\",\"datePublished\":\"2026-04-04T04:11:03+00:00\",\"dateModified\":\"2026-04-18T16:35:24+00:00\",\"description\":\"Daily Differ \u2013 tinh d\u1ea7u khu\u1ebfch t\u00e1n phi\u00ean b\u1ea3n Crystal Edition ch\u00ednh l\u00e0 gi\u1ea3i ph\u00e1p gi\u00fap b\u1ea1n bi\u1ebfn c\u0103n ph\u00f2ng th\u00e0nh n\u01a1i ng\u1eadp tr\u00e0n h\u01b0\u01a1ng th\u01a1m sang tr\u1ecdng v\u00e0 tinh t\u1ebf\",\"breadcrumb\":{\"@id\":\"https:\/\/geminight.azdigi.shop\/index.php\/product\/daily-differ\/#breadcrumb\"},\"inLanguage\":\"vi\",\"potentialAction\":[{\"@type\":\"ReadAction\",\"target\":[\"https:\/\/geminight.azdigi.shop\/index.php\/product\/daily-differ\/\"]}]},{\"@type\":\"ImageObject\",\"inLanguage\":\"vi\",\"@id\":\"https:\/\/geminight.azdigi.shop\/index.php\/product\/daily-differ\/#primaryimage\",\"url\":\"https:\/\/geminight.azdigi.shop\/wp-content\/uploads\/2026\/04\/34-e1776529971345.jpg\",\"contentUrl\":\"https:\/\/geminight.azdigi.shop\/wp-content\/uploads\/2026\/04\/34-e1776529971345.jpg\",\"width\":1000,\"height\":1298},{\"@type\":\"BreadcrumbList\",\"@id\":\"https:\/\/geminight.azdigi.shop\/index.php\/product\/daily-differ\/#breadcrumb\",\"itemListElement\":[{\"@type\":\"ListItem\",\"position\":1,\"name\":\"Home\",\"item\":\"https:\/\/geminight.azdigi.shop\/\"},{\"@type\":\"ListItem\",\"position\":2,\"name\":\"Shop\",\"item\":\"https:\/\/geminight.azdigi.shop\/index.php\/shop\/\"},{\"@type\":\"ListItem\",\"position\":3,\"name\":\"Daily Differ\"}]},{\"@type\":\"WebSite\",\"@id\":\"https:\/\/geminight.azdigi.shop\/#website\",\"url\":\"https:\/\/geminight.azdigi.shop\/\",\"name\":\"GEMINIGHT\",\"description\":\"\",\"potentialAction\":[{\"@type\":\"SearchAction\",\"target\":{\"@type\":\"EntryPoint\",\"urlTemplate\":\"https:\/\/geminight.azdigi.shop\/?s={search_term_string}\"},\"query-input\":{\"@type\":\"PropertyValueSpecification\",\"valueRequired\":true,\"valueName\":\"search_term_string\"}}],\"inLanguage\":\"vi\"}]}<\/script>\n<!-- \/ Yoast SEO plugin. -->","yoast_head_json":{"title":"Daily Differ - GEMINIGHT","description":"Daily Differ \u2013 tinh d\u1ea7u khu\u1ebfch t\u00e1n phi\u00ean b\u1ea3n Crystal Edition ch\u00ednh l\u00e0 gi\u1ea3i ph\u00e1p gi\u00fap b\u1ea1n bi\u1ebfn c\u0103n ph\u00f2ng th\u00e0nh n\u01a1i ng\u1eadp tr\u00e0n h\u01b0\u01a1ng th\u01a1m sang tr\u1ecdng v\u00e0 tinh t\u1ebf","robots":{"index":"index","follow":"follow","max-snippet":"max-snippet:-1","max-image-preview":"max-image-preview:large","max-video-preview":"max-video-preview:-1"},"canonical":"https:\/\/geminight.azdigi.shop\/index.php\/product\/daily-differ\/","og_locale":"vi_VN","og_type":"article","og_title":"Daily Differ - GEMINIGHT","og_description":"Daily Differ \u2013 tinh d\u1ea7u khu\u1ebfch t\u00e1n phi\u00ean b\u1ea3n Crystal Edition ch\u00ednh l\u00e0 gi\u1ea3i ph\u00e1p gi\u00fap b\u1ea1n bi\u1ebfn c\u0103n ph\u00f2ng th\u00e0nh n\u01a1i ng\u1eadp tr\u00e0n h\u01b0\u01a1ng th\u01a1m sang tr\u1ecdng v\u00e0 tinh t\u1ebf","og_url":"https:\/\/geminight.azdigi.shop\/index.php\/product\/daily-differ\/","og_site_name":"GEMINIGHT","article_modified_time":"2026-04-18T16:35:24+00:00","og_image":[{"width":1000,"height":1298,"url":"https:\/\/geminight.azdigi.shop\/wp-content\/uploads\/2026\/04\/34-e1776529971345.jpg","type":"image\/jpeg"}],"twitter_card":"summary_large_image","twitter_misc":{"\u01af\u1edbc t\u00ednh th\u1eddi gian \u0111\u1ecdc":"3 ph\u00fat"},"schema":{"@context":"https:\/\/schema.org","@graph":[{"@type":"WebPage","@id":"https:\/\/geminight.azdigi.shop\/index.php\/product\/daily-differ\/","url":"https:\/\/geminight.azdigi.shop\/index.php\/product\/daily-differ\/","name":"Daily Differ - GEMINIGHT","isPartOf":{"@id":"https:\/\/geminight.azdigi.shop\/#website"},"primaryImageOfPage":{"@id":"https:\/\/geminight.azdigi.shop\/index.php\/product\/daily-differ\/#primaryimage"},"image":{"@id":"https:\/\/geminight.azdigi.shop\/index.php\/product\/daily-differ\/#primaryimage"},"thumbnailUrl":"https:\/\/geminight.azdigi.shop\/wp-content\/uploads\/2026\/04\/34-e1776529971345.jpg","datePublished":"2026-04-04T04:11:03+00:00","dateModified":"2026-04-18T16:35:24+00:00","description":"Daily Differ \u2013 tinh d\u1ea7u khu\u1ebfch t\u00e1n phi\u00ean b\u1ea3n Crystal Edition ch\u00ednh l\u00e0 gi\u1ea3i ph\u00e1p gi\u00fap b\u1ea1n bi\u1ebfn c\u0103n ph\u00f2ng th\u00e0nh n\u01a1i ng\u1eadp tr\u00e0n h\u01b0\u01a1ng th\u01a1m sang tr\u1ecdng v\u00e0 tinh t\u1ebf","breadcrumb":{"@id":"https:\/\/geminight.azdigi.shop\/index.php\/product\/daily-differ\/#breadcrumb"},"inLanguage":"vi","potentialAction":[{"@type":"ReadAction","target":["https:\/\/geminight.azdigi.shop\/index.php\/product\/daily-differ\/"]}]},{"@type":"ImageObject","inLanguage":"vi","@id":"https:\/\/geminight.azdigi.shop\/index.php\/product\/daily-differ\/#primaryimage","url":"https:\/\/geminight.azdigi.shop\/wp-content\/uploads\/2026\/04\/34-e1776529971345.jpg","contentUrl":"https:\/\/geminight.azdigi.shop\/wp-content\/uploads\/2026\/04\/34-e1776529971345.jpg","width":1000,"height":1298},{"@type":"BreadcrumbList","@id":"https:\/\/geminight.azdigi.shop\/index.php\/product\/daily-differ\/#breadcrumb","itemListElement":[{"@type":"ListItem","position":1,"name":"Home","item":"https:\/\/geminight.azdigi.shop\/"},{"@type":"ListItem","position":2,"name":"Shop","item":"https:\/\/geminight.azdigi.shop\/index.php\/shop\/"},{"@type":"ListItem","position":3,"name":"Daily Differ"}]},{"@type":"WebSite","@id":"https:\/\/geminight.azdigi.shop\/#website","url":"https:\/\/geminight.azdigi.shop\/","name":"GEMINIGHT","description":"","potentialAction":[{"@type":"SearchAction","target":{"@type":"EntryPoint","urlTemplate":"https:\/\/geminight.azdigi.shop\/?s={search_term_string}"},"query-input":{"@type":"PropertyValueSpecification","valueRequired":true,"valueName":"search_term_string"}}],"inLanguage":"vi"}]}},"_links":{"self":[{"href":"https:\/\/geminight.azdigi.shop\/index.php\/wp-json\/wp\/v2\/product\/589","targetHints":{"allow":["GET"]}}],"collection":[{"href":"https:\/\/geminight.azdigi.shop\/index.php\/wp-json\/wp\/v2\/product"}],"about":[{"href":"https:\/\/geminight.azdigi.shop\/index.php\/wp-json\/wp\/v2\/types\/product"}],"replies":[{"embeddable":true,"href":"https:\/\/geminight.azdigi.shop\/index.php\/wp-json\/wp\/v2\/comments?post=589"}],"wp:featuredmedia":[{"embeddable":true,"href":"https:\/\/geminight.azdigi.shop\/index.php\/wp-json\/wp\/v2\/media\/912"}],"wp:attachment":[{"href":"https:\/\/geminight.azdigi.shop\/index.php\/wp-json\/wp\/v2\/media?parent=589"}],"wp:term":[{"taxonomy":"product_brand","embeddable":true,"href":"https:\/\/geminight.azdigi.shop\/index.php\/wp-json\/wp\/v2\/product_brand?post=589"},{"taxonomy":"product_cat","embeddable":true,"href":"https:\/\/geminight.azdigi.shop\/index.php\/wp-json\/wp\/v2\/product_cat?post=589"},{"taxonomy":"product_tag","embeddable":true,"href":"https:\/\/geminight.azdigi.shop\/index.php\/wp-json\/wp\/v2\/product_tag?post=589"}],"curies":[{"name":"wp","href":"https:\/\/api.w.org\/{rel}","templated":true}]}}