{"id":401,"date":"2026-03-29T09:44:08","date_gmt":"2026-03-29T09:44:08","guid":{"rendered":"https:\/\/geminight.azdigi.shop\/?post_type=product&#038;p=401"},"modified":"2026-04-19T16:19:34","modified_gmt":"2026-04-19T09:19:34","slug":"the-joy","status":"publish","type":"product","link":"https:\/\/geminight.azdigi.shop\/index.php\/product\/the-joy\/","title":{"rendered":"THE JOY CANDLE"},"content":{"rendered":"<h1 style=\"text-align: center;\"><span style=\"font-size: 120%; color: #000000;\"><span dir=\"auto\" style=\"vertical-align: inherit;\"><span dir=\"auto\" style=\"vertical-align: inherit;\">\u201c<strong>THE JOY\u201d\u00a0<\/strong><\/span><\/span><\/span><\/h1>\n<h2><span style=\"color: #000000; font-size: 120%;\"><span dir=\"auto\" style=\"vertical-align: inherit;\"><span dir=\"auto\" style=\"vertical-align: inherit;\">\u2728 <span style=\"color: #000000;\"><strong>\u0110I\u1ec2M N\u1ed4I B\u1eacT<\/strong><\/span><\/span><\/span><\/span><\/h2>\n<ul>\n<li><span style=\"font-size: 115%;\"><strong><span dir=\"auto\" style=\"vertical-align: inherit;\"><span dir=\"auto\" style=\"vertical-align: inherit;\">Thi\u1ebft k\u1ebf tinh gi\u1ea3n<\/span><\/span><\/strong><span dir=\"auto\" style=\"vertical-align: inherit;\"><span dir=\"auto\" style=\"vertical-align: inherit;\"> : H\u0169 g\u1ed1m m\u00e0u s\u1eafc v\u1edbi \u0111\u01b0\u1eddng n\u00e9t t\u1ef1 nhi\u00ean, kh\u1eafc ch\u1eef \u201cTHE JOY\u201d mang th\u00f4ng \u0111i\u1ec7p h\u1ea1nh ph\u00fac \u0111\u01a1n gi\u1ea3n.<\/span><\/span><\/span><\/li>\n<\/ul>\n<ul>\n<li><span style=\"font-size: 115%;\"><span style=\"color: #000000;\"><strong><span dir=\"auto\" style=\"vertical-align: inherit;\"><span dir=\"auto\" style=\"vertical-align: inherit;\">S\u00e1p \u0111\u1eadu &amp; s\u00e1p c\u1ecd t\u1ef1 nhi\u00ean &amp; s\u00e1p d\u1eeba<\/span><\/span><\/strong><\/span><span dir=\"auto\" style=\"vertical-align: inherit;\"><span dir=\"auto\" style=\"vertical-align: inherit;\"> : an to\u00e0n, th\u00e2n thi\u1ec7n m\u00f4i tr\u01b0\u1eddng, ch\u00e1y l\u00e2u v\u00e0 t\u1ecfa h\u01b0\u01a1ng \u0111\u1ec1u.<\/span><\/span><\/span><\/li>\n<\/ul>\n<h2><span style=\"color: #000000; font-size: 120%;\"><span dir=\"auto\" style=\"vertical-align: inherit;\"><span dir=\"auto\" style=\"vertical-align: inherit;\">\ud83c\udf38 <span style=\"color: #000000;\"><strong>H\u01af\u01a0NG TH\u01a0M<\/strong><\/span>\u00a0<\/span><\/span><\/span><\/h2>\n<ul>\n<li><span style=\"font-size: 115%;\"><span style=\"color: #000000;\"><strong><span dir=\"auto\" style=\"vertical-align: inherit;\"><span dir=\"auto\" style=\"vertical-align: inherit;\">Rose (Hoa h\u1ed3ng)<\/span><\/span><\/strong><\/span><span dir=\"auto\" style=\"vertical-align: inherit;\"><span dir=\"auto\" style=\"vertical-align: inherit;\"> : Ng\u1ecdt ng\u00e0o, l\u00e3ng m\u1ea1n, tip c\u1ea3m gi\u00e1c y\u00eau th\u01b0\u01a1ng v\u00e0 \u1ea5m \u00e1p.<\/span><\/span><\/span><\/li>\n<li><span style=\"font-size: 115%;\"><span style=\"color: #000000;\"><strong><span dir=\"auto\" style=\"vertical-align: inherit;\"><span dir=\"auto\" style=\"vertical-align: inherit;\">G\u1ed7 \u0111\u00e0n h\u01b0\u01a1ng<\/span><\/span><\/strong><\/span><span dir=\"auto\" style=\"vertical-align: inherit;\"><span dir=\"auto\" style=\"vertical-align: inherit;\"> : Tr\u1ea7m \u1ea5m, sang tr\u1ecdng, gi\u00fap c\u00e2n b\u1eb1ng tinh th\u1ea7n v\u00e0 t\u1ea1o s\u1ef1 th\u00e1i th\u00e1i.<\/span><\/span><\/span><\/li>\n<li><span style=\"font-size: 115%;\"><span style=\"color: #000000;\"><strong><span dir=\"auto\" style=\"vertical-align: inherit;\"><span dir=\"auto\" style=\"vertical-align: inherit;\">White Musk (X\u1ea1 h\u01b0\u01a1ng tr\u1eafng)<\/span><\/span><\/strong><\/span><span dir=\"auto\" style=\"vertical-align: inherit;\"><span dir=\"auto\" style=\"vertical-align: inherit;\"> : Kh\u00f9ng, tinh khi\u1ebft, mang l\u1ea1i c\u1ea3m gi\u00e1c gi\u00e1c s\u1ea1ch s\u1ebd v\u00e0 thanh tho\u00e1t.<\/span><\/span><\/span><\/li>\n<\/ul>\n<h2><span dir=\"auto\" style=\"vertical-align: inherit;\"><span dir=\"auto\" style=\"vertical-align: inherit;\">\ud83c\udf3f <span style=\"color: #000000;\"><strong><span style=\"font-size: 120%;\">C\u00d4NG D\u1ee4NG<\/span><\/strong><\/span><\/span><\/span><\/h2>\n<ul>\n<li><span style=\"font-size: 115%;\"><span dir=\"auto\" style=\"vertical-align: inherit;\"><span dir=\"auto\" style=\"vertical-align: inherit;\">T\u1ea1o kh\u00f4ng gian <\/span><\/span><strong><span dir=\"auto\" style=\"vertical-align: inherit;\"><span dir=\"auto\" style=\"vertical-align: inherit;\">th\u01b0 gi\u00e3n v\u00e0 sang tr\u1ecdng<\/span><\/span><\/strong><span dir=\"auto\" style=\"vertical-align: inherit;\"><span dir=\"auto\" style=\"vertical-align: inherit;\"> cho ph\u00f2ng kh\u00e1ch, ph\u00f2ng ng\u1ee7, spa ho\u1eb7c g\u00f3c l\u00e0m vi\u1ec7c.<\/span><\/span><\/span><\/li>\n<li><span style=\"font-size: 115%;\"><span dir=\"auto\" style=\"vertical-align: inherit;\"><span dir=\"auto\" style=\"vertical-align: inherit;\">Gi\u00fap <\/span><\/span><strong><span dir=\"auto\" style=\"vertical-align: inherit;\"><span dir=\"auto\" style=\"vertical-align: inherit;\">gi\u1ea3m c\u0103ng th\u1eb3ng, n\u00e2ng cao t\u00e2m tr\u1ea1ng<\/span><\/span><\/strong><span dir=\"auto\" style=\"vertical-align: inherit;\"><span dir=\"auto\" style=\"vertical-align: inherit;\"> v\u00e0 l\u1ea5y l\u1ea1i s\u1ef1 c\u00e2n b\u1eb1ng c\u1ea3m x\u00fac.<\/span><\/span><\/span><\/li>\n<li><span style=\"font-size: 115%;\"><span dir=\"auto\" style=\"vertical-align: inherit;\"><span dir=\"auto\" style=\"vertical-align: inherit;\">L\u00e0 m\u00f3n qu\u00e0 tinh t\u1ebf, \u00fd ngh\u0129a cho nh\u1eefng d\u1ecbp \u0111\u1eb7c bi\u1ec7t.<\/span><\/span><\/span><\/li>\n<\/ul>\n<h2><span style=\"color: #000000;\"><strong><span style=\"font-size: 120%;\">CAM K\u1ebeT V\u1ec0 CH\u1ea4T L\u01af\u1ee2NG &amp; \u01afU \u0110\u00c3I \u0110\u1ed8C QUY\u1ec0N<\/span><\/strong><\/span><\/h2>\n<p><span style=\"font-size: 115%;\">S\u1ea3n ph\u1ea9m s\u1eed d\u1ee5ng s\u00e1p th\u1ef1c v\u1eadt cao c\u1ea5p, ch\u00e1y s\u1ea1ch, kh\u00f4ng t\u1ea1o kh\u00f3i \u0111en \u0111\u1ed9c h\u1ea1i. Tinh d\u1ea7u nguy\u00ean ch\u1ea5t \u0111\u1ea3m b\u1ea3o h\u01b0\u01a1ng th\u01a1m lan t\u1ecfa m\u1ea1nh m\u1ebd v\u00e0 ch\u00e2n th\u1eadt.<\/span><\/p>\n<p><span style=\"font-size: 115%;\"><b>H\u01b0\u1edbng D\u1eabn T\u1ed1i \u01afu:<\/b>\u00a0Lu\u00f4n \u0111\u1ed1t n\u1ebfn l\u1ea7n \u0111\u1ea7u 2-3 gi\u1edd v\u00e0 c\u1eaft b\u1ea5c c\u00f2n 0.5 cm tr\u01b0\u1edbc khi \u0111\u1ed1t ti\u1ebfp \u0111\u1ec3 n\u1ebfn ch\u00e1y \u0111\u1ec1u v\u00e0 gi\u1eef h\u01b0\u01a1ng t\u1ed1t nh\u1ea5t.<\/span><\/p>\n<style id=\"wpforms-css-vars-285\">\n\t\t\t\t#wpforms-285 {\n\t\t\t\t--wpforms-container-padding: 0px;\n--wpforms-container-border-width: 1px;\n--wpforms-container-border-radius: 3px;\n--wpforms-background-color: rgba(0, 0, 0, 0);\n--wpforms-field-size-input-height: 43px;\n--wpforms-field-size-input-spacing: 15px;\n--wpforms-field-size-font-size: 16px;\n--wpforms-field-size-line-height: 19px;\n--wpforms-field-size-padding-h: 14px;\n--wpforms-field-size-checkbox-size: 16px;\n--wpforms-field-size-sublabel-spacing: 5px;\n--wpforms-field-size-icon-size: 1;\n--wpforms-label-size-font-size: 16px;\n--wpforms-label-size-line-height: 19px;\n--wpforms-label-size-sublabel-font-size: 14px;\n--wpforms-label-size-sublabel-line-height: 17px;\n--wpforms-button-size-font-size: 17px;\n--wpforms-button-size-height: 41px;\n--wpforms-button-size-padding-h: 15px;\n--wpforms-button-size-margin-top: 10px;\n--wpforms-container-shadow-size-box-shadow: none;\n\t\t\t}\n\t\t\t<\/style><div class=\"wpforms-container wpforms-container-full wpforms-render-modern\" id=\"wpforms-285\"><form id=\"wpforms-form-285\" class=\"wpforms-validate wpforms-form wpforms-ajax-form\" data-formid=\"285\" method=\"post\" enctype=\"multipart\/form-data\" action=\"\/index.php\/wp-json\/wp\/v2\/product\/401\" data-token=\"8b689264aad056db36fa8f4cbae57389\" data-token-time=\"1776977763\"><noscript class=\"wpforms-error-noscript\">Vui l\u00f2ng b\u1eadt JavaScript trong tr\u00ecnh duy\u1ec7t c\u1ee7a b\u1ea1n \u0111\u1ec3 ho\u00e0n th\u00e0nh Form n\u00e0y.<\/noscript><div id=\"wpforms-error-noscript\" style=\"display: none;\">Vui l\u00f2ng b\u1eadt JavaScript trong tr\u00ecnh duy\u1ec7t c\u1ee7a b\u1ea1n \u0111\u1ec3 ho\u00e0n th\u00e0nh Form n\u00e0y.<\/div><div class=\"wpforms-field-container\"><div id=\"wpforms-285-field_1-container\" class=\"wpforms-field wpforms-field-name\" data-field-id=\"1\"><fieldset><legend class=\"wpforms-field-label\">Name <span class=\"wpforms-required-label\" aria-hidden=\"true\">*<\/span><\/legend><div class=\"wpforms-field-row wpforms-field-medium\"><div class=\"wpforms-field-row-block wpforms-first wpforms-one-half\"><input type=\"text\" id=\"wpforms-285-field_1\" class=\"wpforms-field-name-first wpforms-field-required\" name=\"wpforms[fields][1][first]\" aria-errormessage=\"wpforms-285-field_1-error\" required><label for=\"wpforms-285-field_1\" class=\"wpforms-field-sublabel after\">T\u00ean<\/label><\/div><div class=\"wpforms-field-row-block wpforms-one-half\"><input type=\"text\" id=\"wpforms-285-field_1-last\" class=\"wpforms-field-name-last wpforms-field-required\" name=\"wpforms[fields][1][last]\" aria-errormessage=\"wpforms-285-field_1-last-error\" required><label for=\"wpforms-285-field_1-last\" class=\"wpforms-field-sublabel after\">H\u1ecd<\/label><\/div><\/div><\/fieldset><\/div><div id=\"wpforms-285-field_2-container\" class=\"wpforms-field wpforms-field-email\" data-field-id=\"2\"><label class=\"wpforms-field-label\" for=\"wpforms-285-field_2\">Email <span class=\"wpforms-required-label\" aria-hidden=\"true\">*<\/span><\/label><input type=\"email\" id=\"wpforms-285-field_2\" class=\"wpforms-field-medium wpforms-field-required\" name=\"wpforms[fields][2]\" spellcheck=\"false\" aria-errormessage=\"wpforms-285-field_2-error\" required><\/div>\t\t<div id=\"wpforms-285-field_4-container\"\n\t\t\tclass=\"wpforms-field wpforms-field-text\"\n\t\t\tdata-field-type=\"text\"\n\t\t\tdata-field-id=\"4\"\n\t\t\t>\n\t\t\t<label class=\"wpforms-field-label\" for=\"wpforms-285-field_4\" >Message Name or<\/label>\n\t\t\t<input type=\"text\" id=\"wpforms-285-field_4\" class=\"wpforms-field-medium\" name=\"wpforms[fields][4]\" >\n\t\t<\/div>\n\t\t<div id=\"wpforms-285-field_3-container\" class=\"wpforms-field wpforms-field-textarea\" data-field-id=\"3\"><label class=\"wpforms-field-label\" for=\"wpforms-285-field_3\">Comment or Message<\/label><textarea id=\"wpforms-285-field_3\" class=\"wpforms-field-medium\" name=\"wpforms[fields][3]\" aria-errormessage=\"wpforms-285-field_3-error\" ><\/textarea><\/div><script>\n\t\t\t\t( function() {\n\t\t\t\t\tconst style = document.createElement( 'style' );\n\t\t\t\t\tstyle.appendChild( document.createTextNode( '#wpforms-285-field_4-container { position: absolute !important; overflow: hidden !important; display: inline !important; height: 1px !important; width: 1px !important; z-index: -1000 !important; padding: 0 !important; } #wpforms-285-field_4-container input { visibility: hidden; } #wpforms-conversational-form-page #wpforms-285-field_4-container label { counter-increment: none; }' ) );\n\t\t\t\t\tdocument.head.appendChild( style );\n\t\t\t\t\tdocument.currentScript?.remove();\n\t\t\t\t} )();\n\t\t\t<\/script><\/div><!-- .wpforms-field-container --><div class=\"wpforms-submit-container\" ><input type=\"hidden\" name=\"wpforms[id]\" value=\"285\"><input type=\"hidden\" name=\"page_title\" value=\"\"><input type=\"hidden\" name=\"page_url\" value=\"https:\/\/geminight.azdigi.shop\/index.php\/wp-json\/wp\/v2\/product\/401\"><input type=\"hidden\" name=\"url_referer\" value=\"\"><button type=\"submit\" name=\"wpforms[submit]\" id=\"wpforms-submit-285\" class=\"wpforms-submit\" data-alt-text=\"Sending...\" data-submit-text=\"Submit\" aria-live=\"assertive\" value=\"wpforms-submit\">Submit<\/button><img loading=\"lazy\" decoding=\"async\" src=\"https:\/\/geminight.azdigi.shop\/wp-content\/plugins\/wpforms-lite\/assets\/images\/submit-spin.svg\" class=\"wpforms-submit-spinner\" style=\"display: none;\" width=\"26\" height=\"26\" alt=\"\u0110ang t\u1ea3i\"><\/div><\/form><\/div>  <!-- .wpforms-container -->\n<p><img loading=\"lazy\" decoding=\"async\" class=\" wp-image-249 aligncenter\" src=\"https:\/\/geminight.azdigi.shop\/wp-content\/uploads\/2026\/03\/new_collection__7_-removebg-preview-300x150.png\" alt=\"\" width=\"352\" height=\"176\" srcset=\"https:\/\/geminight.azdigi.shop\/wp-content\/uploads\/2026\/03\/new_collection__7_-removebg-preview-300x150.png 300w, https:\/\/geminight.azdigi.shop\/wp-content\/uploads\/2026\/03\/new_collection__7_-removebg-preview-600x300.png 600w, https:\/\/geminight.azdigi.shop\/wp-content\/uploads\/2026\/03\/new_collection__7_-removebg-preview.png 707w\" sizes=\"auto, (max-width: 352px) 100vw, 352px\" \/><\/p>\n","protected":false},"excerpt":{"rendered":"<p>\u201cTHE JOY\u201d\u00a0 \u2728 \u0110I\u1ec2M N\u1ed4I B\u1eacT Thi\u1ebft k\u1ebf tinh gi\u1ea3n : H\u0169 g\u1ed1m m\u00e0u s\u1eafc v\u1edbi \u0111\u01b0\u1eddng n\u00e9t t\u1ef1 nhi\u00ean, kh\u1eafc ch\u1eef \u201cTHE JOY\u201d mang th\u00f4ng \u0111i\u1ec7p h\u1ea1nh ph\u00fac \u0111\u01a1n gi\u1ea3n. S\u00e1p \u0111\u1eadu &amp; s\u00e1p c\u1ecd t\u1ef1 nhi\u00ean &amp; s\u00e1p d\u1eeba : an to\u00e0n, th\u00e2n thi\u1ec7n m\u00f4i tr\u01b0\u1eddng, ch\u00e1y l\u00e2u v\u00e0 t\u1ecfa h\u01b0\u01a1ng \u0111\u1ec1u. \ud83c\udf38 [&#8230;]\n","protected":false},"featured_media":673,"comment_status":"open","ping_status":"closed","template":"","meta":[],"product_brand":[],"product_cat":[41],"product_tag":[],"class_list":{"0":"post-401","1":"product","2":"type-product","3":"status-publish","4":"has-post-thumbnail","6":"product_cat-the-joy","8":"first","9":"instock","10":"sale","11":"shipping-taxable","12":"purchasable","13":"product-type-variable"},"yoast_head":"<!-- This site is optimized with the Yoast SEO plugin v27.1.1 - https:\/\/yoast.com\/product\/yoast-seo-wordpress\/ -->\n<title>THE JOY CANDLE - GEMINIGHT<\/title>\n<meta name=\"description\" content=\"H\u0169 g\u1ed1m m\u00e0u be v\u1edbi \u0111\u01b0\u1eddng n\u00e9t t\u1ef1 nhi\u00ean, kh\u1eafc ch\u1eef \u201cTHE JOY\u201d mang th\u00f4ng \u0111i\u1ec7p h\u1ea1nh ph\u00fac gi\u1ea3n \u0111\u01a1n.n to\u00e0n, th\u00e2n thi\u1ec7n m\u00f4i tr\u01b0\u1eddng, ch\u00e1y l\u00e2u v\u00e0 t\u1ecfa h\u01b0\u01a1ng \u0111\u1ec1u.\" \/>\n<meta name=\"robots\" content=\"index, follow, max-snippet:-1, max-image-preview:large, max-video-preview:-1\" \/>\n<link rel=\"canonical\" href=\"https:\/\/geminight.azdigi.shop\/index.php\/product\/the-joy\/\" \/>\n<meta property=\"og:locale\" content=\"vi_VN\" \/>\n<meta property=\"og:type\" content=\"article\" \/>\n<meta property=\"og:title\" content=\"THE JOY CANDLE - GEMINIGHT\" \/>\n<meta property=\"og:description\" content=\"H\u0169 g\u1ed1m m\u00e0u be v\u1edbi \u0111\u01b0\u1eddng n\u00e9t t\u1ef1 nhi\u00ean, kh\u1eafc ch\u1eef \u201cTHE JOY\u201d mang th\u00f4ng \u0111i\u1ec7p h\u1ea1nh ph\u00fac gi\u1ea3n \u0111\u01a1n.n to\u00e0n, th\u00e2n thi\u1ec7n m\u00f4i tr\u01b0\u1eddng, ch\u00e1y l\u00e2u v\u00e0 t\u1ecfa h\u01b0\u01a1ng \u0111\u1ec1u.\" \/>\n<meta property=\"og:url\" content=\"https:\/\/geminight.azdigi.shop\/index.php\/product\/the-joy\/\" \/>\n<meta property=\"og:site_name\" content=\"GEMINIGHT\" \/>\n<meta property=\"article:modified_time\" content=\"2026-04-19T09:19:34+00:00\" \/>\n<meta property=\"og:image\" content=\"https:\/\/geminight.azdigi.shop\/wp-content\/uploads\/2026\/04\/5b1040064ee26a89c925e98053f53fde.jpg\" \/>\n\t<meta property=\"og:image:width\" content=\"1024\" \/>\n\t<meta property=\"og:image:height\" content=\"1024\" \/>\n\t<meta property=\"og:image:type\" content=\"image\/jpeg\" \/>\n<meta name=\"twitter:card\" content=\"summary_large_image\" \/>\n<meta name=\"twitter:label1\" content=\"\u01af\u1edbc t\u00ednh th\u1eddi gian \u0111\u1ecdc\" \/>\n\t<meta name=\"twitter:data1\" content=\"2 ph\u00fat\" \/>\n<script type=\"application\/ld+json\" class=\"yoast-schema-graph\">{\"@context\":\"https:\/\/schema.org\",\"@graph\":[{\"@type\":\"WebPage\",\"@id\":\"https:\/\/geminight.azdigi.shop\/index.php\/product\/the-joy\/\",\"url\":\"https:\/\/geminight.azdigi.shop\/index.php\/product\/the-joy\/\",\"name\":\"THE JOY CANDLE - GEMINIGHT\",\"isPartOf\":{\"@id\":\"https:\/\/geminight.azdigi.shop\/#website\"},\"primaryImageOfPage\":{\"@id\":\"https:\/\/geminight.azdigi.shop\/index.php\/product\/the-joy\/#primaryimage\"},\"image\":{\"@id\":\"https:\/\/geminight.azdigi.shop\/index.php\/product\/the-joy\/#primaryimage\"},\"thumbnailUrl\":\"https:\/\/geminight.azdigi.shop\/wp-content\/uploads\/2026\/04\/5b1040064ee26a89c925e98053f53fde.jpg\",\"datePublished\":\"2026-03-29T09:44:08+00:00\",\"dateModified\":\"2026-04-19T09:19:34+00:00\",\"description\":\"H\u0169 g\u1ed1m m\u00e0u be v\u1edbi \u0111\u01b0\u1eddng n\u00e9t t\u1ef1 nhi\u00ean, kh\u1eafc ch\u1eef \u201cTHE JOY\u201d mang th\u00f4ng \u0111i\u1ec7p h\u1ea1nh ph\u00fac gi\u1ea3n \u0111\u01a1n.n to\u00e0n, th\u00e2n thi\u1ec7n m\u00f4i tr\u01b0\u1eddng, ch\u00e1y l\u00e2u v\u00e0 t\u1ecfa h\u01b0\u01a1ng \u0111\u1ec1u.\",\"breadcrumb\":{\"@id\":\"https:\/\/geminight.azdigi.shop\/index.php\/product\/the-joy\/#breadcrumb\"},\"inLanguage\":\"vi\",\"potentialAction\":[{\"@type\":\"ReadAction\",\"target\":[\"https:\/\/geminight.azdigi.shop\/index.php\/product\/the-joy\/\"]}]},{\"@type\":\"ImageObject\",\"inLanguage\":\"vi\",\"@id\":\"https:\/\/geminight.azdigi.shop\/index.php\/product\/the-joy\/#primaryimage\",\"url\":\"https:\/\/geminight.azdigi.shop\/wp-content\/uploads\/2026\/04\/5b1040064ee26a89c925e98053f53fde.jpg\",\"contentUrl\":\"https:\/\/geminight.azdigi.shop\/wp-content\/uploads\/2026\/04\/5b1040064ee26a89c925e98053f53fde.jpg\",\"width\":1024,\"height\":1024},{\"@type\":\"BreadcrumbList\",\"@id\":\"https:\/\/geminight.azdigi.shop\/index.php\/product\/the-joy\/#breadcrumb\",\"itemListElement\":[{\"@type\":\"ListItem\",\"position\":1,\"name\":\"Home\",\"item\":\"https:\/\/geminight.azdigi.shop\/\"},{\"@type\":\"ListItem\",\"position\":2,\"name\":\"Shop\",\"item\":\"https:\/\/geminight.azdigi.shop\/index.php\/shop\/\"},{\"@type\":\"ListItem\",\"position\":3,\"name\":\"THE JOY CANDLE\"}]},{\"@type\":\"WebSite\",\"@id\":\"https:\/\/geminight.azdigi.shop\/#website\",\"url\":\"https:\/\/geminight.azdigi.shop\/\",\"name\":\"GEMINIGHT\",\"description\":\"\",\"potentialAction\":[{\"@type\":\"SearchAction\",\"target\":{\"@type\":\"EntryPoint\",\"urlTemplate\":\"https:\/\/geminight.azdigi.shop\/?s={search_term_string}\"},\"query-input\":{\"@type\":\"PropertyValueSpecification\",\"valueRequired\":true,\"valueName\":\"search_term_string\"}}],\"inLanguage\":\"vi\"}]}<\/script>\n<!-- \/ Yoast SEO plugin. -->","yoast_head_json":{"title":"THE JOY CANDLE - GEMINIGHT","description":"H\u0169 g\u1ed1m m\u00e0u be v\u1edbi \u0111\u01b0\u1eddng n\u00e9t t\u1ef1 nhi\u00ean, kh\u1eafc ch\u1eef \u201cTHE JOY\u201d mang th\u00f4ng \u0111i\u1ec7p h\u1ea1nh ph\u00fac gi\u1ea3n \u0111\u01a1n.n to\u00e0n, th\u00e2n thi\u1ec7n m\u00f4i tr\u01b0\u1eddng, ch\u00e1y l\u00e2u v\u00e0 t\u1ecfa h\u01b0\u01a1ng \u0111\u1ec1u.","robots":{"index":"index","follow":"follow","max-snippet":"max-snippet:-1","max-image-preview":"max-image-preview:large","max-video-preview":"max-video-preview:-1"},"canonical":"https:\/\/geminight.azdigi.shop\/index.php\/product\/the-joy\/","og_locale":"vi_VN","og_type":"article","og_title":"THE JOY CANDLE - GEMINIGHT","og_description":"H\u0169 g\u1ed1m m\u00e0u be v\u1edbi \u0111\u01b0\u1eddng n\u00e9t t\u1ef1 nhi\u00ean, kh\u1eafc ch\u1eef \u201cTHE JOY\u201d mang th\u00f4ng \u0111i\u1ec7p h\u1ea1nh ph\u00fac gi\u1ea3n \u0111\u01a1n.n to\u00e0n, th\u00e2n thi\u1ec7n m\u00f4i tr\u01b0\u1eddng, ch\u00e1y l\u00e2u v\u00e0 t\u1ecfa h\u01b0\u01a1ng \u0111\u1ec1u.","og_url":"https:\/\/geminight.azdigi.shop\/index.php\/product\/the-joy\/","og_site_name":"GEMINIGHT","article_modified_time":"2026-04-19T09:19:34+00:00","og_image":[{"width":1024,"height":1024,"url":"https:\/\/geminight.azdigi.shop\/wp-content\/uploads\/2026\/04\/5b1040064ee26a89c925e98053f53fde.jpg","type":"image\/jpeg"}],"twitter_card":"summary_large_image","twitter_misc":{"\u01af\u1edbc t\u00ednh th\u1eddi gian \u0111\u1ecdc":"2 ph\u00fat"},"schema":{"@context":"https:\/\/schema.org","@graph":[{"@type":"WebPage","@id":"https:\/\/geminight.azdigi.shop\/index.php\/product\/the-joy\/","url":"https:\/\/geminight.azdigi.shop\/index.php\/product\/the-joy\/","name":"THE JOY CANDLE - GEMINIGHT","isPartOf":{"@id":"https:\/\/geminight.azdigi.shop\/#website"},"primaryImageOfPage":{"@id":"https:\/\/geminight.azdigi.shop\/index.php\/product\/the-joy\/#primaryimage"},"image":{"@id":"https:\/\/geminight.azdigi.shop\/index.php\/product\/the-joy\/#primaryimage"},"thumbnailUrl":"https:\/\/geminight.azdigi.shop\/wp-content\/uploads\/2026\/04\/5b1040064ee26a89c925e98053f53fde.jpg","datePublished":"2026-03-29T09:44:08+00:00","dateModified":"2026-04-19T09:19:34+00:00","description":"H\u0169 g\u1ed1m m\u00e0u be v\u1edbi \u0111\u01b0\u1eddng n\u00e9t t\u1ef1 nhi\u00ean, kh\u1eafc ch\u1eef \u201cTHE JOY\u201d mang th\u00f4ng \u0111i\u1ec7p h\u1ea1nh ph\u00fac gi\u1ea3n \u0111\u01a1n.n to\u00e0n, th\u00e2n thi\u1ec7n m\u00f4i tr\u01b0\u1eddng, ch\u00e1y l\u00e2u v\u00e0 t\u1ecfa h\u01b0\u01a1ng \u0111\u1ec1u.","breadcrumb":{"@id":"https:\/\/geminight.azdigi.shop\/index.php\/product\/the-joy\/#breadcrumb"},"inLanguage":"vi","potentialAction":[{"@type":"ReadAction","target":["https:\/\/geminight.azdigi.shop\/index.php\/product\/the-joy\/"]}]},{"@type":"ImageObject","inLanguage":"vi","@id":"https:\/\/geminight.azdigi.shop\/index.php\/product\/the-joy\/#primaryimage","url":"https:\/\/geminight.azdigi.shop\/wp-content\/uploads\/2026\/04\/5b1040064ee26a89c925e98053f53fde.jpg","contentUrl":"https:\/\/geminight.azdigi.shop\/wp-content\/uploads\/2026\/04\/5b1040064ee26a89c925e98053f53fde.jpg","width":1024,"height":1024},{"@type":"BreadcrumbList","@id":"https:\/\/geminight.azdigi.shop\/index.php\/product\/the-joy\/#breadcrumb","itemListElement":[{"@type":"ListItem","position":1,"name":"Home","item":"https:\/\/geminight.azdigi.shop\/"},{"@type":"ListItem","position":2,"name":"Shop","item":"https:\/\/geminight.azdigi.shop\/index.php\/shop\/"},{"@type":"ListItem","position":3,"name":"THE JOY CANDLE"}]},{"@type":"WebSite","@id":"https:\/\/geminight.azdigi.shop\/#website","url":"https:\/\/geminight.azdigi.shop\/","name":"GEMINIGHT","description":"","potentialAction":[{"@type":"SearchAction","target":{"@type":"EntryPoint","urlTemplate":"https:\/\/geminight.azdigi.shop\/?s={search_term_string}"},"query-input":{"@type":"PropertyValueSpecification","valueRequired":true,"valueName":"search_term_string"}}],"inLanguage":"vi"}]}},"_links":{"self":[{"href":"https:\/\/geminight.azdigi.shop\/index.php\/wp-json\/wp\/v2\/product\/401","targetHints":{"allow":["GET"]}}],"collection":[{"href":"https:\/\/geminight.azdigi.shop\/index.php\/wp-json\/wp\/v2\/product"}],"about":[{"href":"https:\/\/geminight.azdigi.shop\/index.php\/wp-json\/wp\/v2\/types\/product"}],"replies":[{"embeddable":true,"href":"https:\/\/geminight.azdigi.shop\/index.php\/wp-json\/wp\/v2\/comments?post=401"}],"wp:featuredmedia":[{"embeddable":true,"href":"https:\/\/geminight.azdigi.shop\/index.php\/wp-json\/wp\/v2\/media\/673"}],"wp:attachment":[{"href":"https:\/\/geminight.azdigi.shop\/index.php\/wp-json\/wp\/v2\/media?parent=401"}],"wp:term":[{"taxonomy":"product_brand","embeddable":true,"href":"https:\/\/geminight.azdigi.shop\/index.php\/wp-json\/wp\/v2\/product_brand?post=401"},{"taxonomy":"product_cat","embeddable":true,"href":"https:\/\/geminight.azdigi.shop\/index.php\/wp-json\/wp\/v2\/product_cat?post=401"},{"taxonomy":"product_tag","embeddable":true,"href":"https:\/\/geminight.azdigi.shop\/index.php\/wp-json\/wp\/v2\/product_tag?post=401"}],"curies":[{"name":"wp","href":"https:\/\/api.w.org\/{rel}","templated":true}]}}